000
CXAK59 PAOT 011758
CLMOTZ

CLIMATE REPORT
NATIONAL WEATHER SERVICE KOTZEBUE, AK
950 AM AKDT FRI APR 1 2016

...................................

...THE KOTZEBUE WSO AP CLIMATE SUMMARY FOR THE MONTH OF MARCH 2016...

CLIMATE NORMAL PERIOD 1981 TO 2010
CLIMATE RECORD PERIOD 1898 TO 2016

WEATHER         OBSERVED          NORMAL  DEPART  LAST YEAR`S
                 VALUE   DATE(S)  VALUE   FROM    VALUE  DATE(S)
                                          NORMAL
................................................................
TEMPERATURE (F)
RECORD
 HIGH              41   3/18/1900
 LOW              -58   3/16/1930
HIGHEST            21   3/21         28      -7      29  3/07
LOWEST            -21               -24       3     -25  3/15
AVG. MAXIMUM       12.0               8.8     3.2     6.7
AVG. MINIMUM       -5.4              -6.7     1.3   -11.4
MEAN                3.3               1.1     2.2    -2.3
DAYS MAX >= 90      0                 0.0     0.0     0
DAYS MAX <= 32     31                28.4     2.6    31
DAYS MAX >= 80      0                 0.0     0.0     0
DAYS MAX >= 70      0                 0.0     0.0     0
DAYS MIN <= 32     31                28.9     2.1    31
DAYS MIN <= 0      25                19.8     5.2    28

PRECIPITATION (INCHES)
RECORD
 MAXIMUM            2.18   2009
 MINIMUM            0.00   1953
TOTALS              0.14              0.44   -0.30    0.53
DAILY AVG.          0.00              0.01   -0.01    0.02
DAYS >= .01         5                 5.9    -0.9     9
DAYS >= .10         0                 1.3    -1.3     1
DAYS >= .50         0                 0.1    -0.1     0
DAYS >= 1.0         0                 0.0     0.0     0
GREATEST
 24 HR TOTAL        0.06   3/25                       0.18  3/06

SNOWFALL (INCHES)
RECORDS
 TOTAL             21.9   1954
 24 HR TOTAL       10.2   3-03-1932
 SNOW DEPTH       240     3-06-1931
TOTALS              3.7               5.9    -2.2     5.5
SINCE 7/1          49.1              47.7     1.4    20.8
SNOWDEPTH AVG.     33                22      10       7
DAYS >= TRACE       7                11.7    -4.7    16
DAYS >= 1.0         1                 2.1    -1.1     2
DAYS >= 6.0         0                 0.0    -0.0     0
GREATEST
 SNOW DEPTH        35   3/31                          8  3/31
 24 HR TOTAL      1.9   3/25                        1.7  3/06

DEGREE_DAYS
HEATING TOTAL    1904              1987     -83    2079
 SINCE 7/1      10902             12229   -1327   10930
COOLING TOTAL       0                 0       0       0
 SINCE 1/1          0                 0       0       0
................................................................

WIND (MPH)
AVERAGE WIND SPEED                6.6
HIGHEST WIND SPEED/DIRECTION     28/020    DATE   03/19
HIGHEST GUST SPEED/DIRECTION     33/030    DATE   03/19

WEATHER CONDITIONS. NUMBER OF DAYS WITH
THUNDERSTORM              0     ICE PELLETS                 0
RAIN                      0     GLAZE                       0
DRIZZLE                   0     HAIL                        0
SNOW                      7     HAZE                        3
FOG                       7     FOG W/VIS <= 1/4 MILE       1
BLOWING SNOW              0


-  INDICATES NEGATIVE NUMBERS.
R  INDICATES RECORD WAS SET OR TIED.
MM INDICATES DATA IS MISSING.
T  INDICATES TRACE AMOUNT.

&&


$$
LEHL APR 16
