000
CXAK59 PAOT 021152
CLMOTZ

CLIMATE REPORT
NATIONAL WEATHER SERVICE KOTZEBUE, AK
352 AM AKDT TUE SEP 2 2014

...................................

...THE KOTZEBUE WSO AP CLIMATE SUMMARY FOR THE MONTH OF AUGUST 2014...

CLIMATE NORMAL PERIOD 1981 TO 2010
CLIMATE RECORD PERIOD 1898 TO 2014

WEATHER         OBSERVED          NORMAL  DEPART  LAST YEAR`S
                 VALUE   DATE(S)  VALUE   FROM    VALUE  DATE(S)
                                          NORMAL
................................................................
TEMPERATURE (F)
RECORD
 HIGH              80   8/06/1968
 LOW               26   8/21/1902
HIGHEST            75   8/10         63      12      69  8/07
LOWEST             40                35       5      34  8/31
AVG. MAXIMUM       63.4              56.1     7.3    59.0
AVG. MINIMUM       53.5              47.3     6.2    49.1
MEAN               58.4              51.7     6.7    54.0
DAYS MAX >= 90      0                 0.0     0.0     0
DAYS MAX <= 32      0                 0.0     0.0     0
DAYS MAX >= 80      0                 0.0     0.0     0
DAYS MAX >= 70      8                 1.1     6.9     0
DAYS MIN <= 32      0                 0.0    -0.0     0
DAYS MIN <= 0       0                 0.0     0.0     0

PRECIPITATION (INCHES)
RECORD
 MAXIMUM            5.18   1951
 MINIMUM            0.00   1995
TOTALS              1.51              2.18   -0.67    0.67
DAILY AVG.          0.05              0.07   -0.02    0.02
DAYS >= .01        11                11.4    -0.4    15
DAYS >= .10         5                 5.0    -0.0     1
DAYS >= .50         0                 0.7    -0.7     0
DAYS >= 1.0         0                 0.1    -0.1     0
GREATEST
 24 HR TOTAL        0.40   8/22                       0.11  8/04

SNOWFALL (INCHES)
RECORDS
 TOTAL              0.3   1962
 24 HR TOTAL        0.2   8-31-1962
 SNOW DEPTH         0     8-31-2014
TOTALS              0.0               0.0     0.0     0.0
SINCE 7/1           0.0               0.0     0.0     0.0
SNOWDEPTH AVG.      0                 0       0       0
DAYS >= TRACE       0                 0.0    -0.0     0
DAYS >= 1.0         0                 0.0     0.0     0
DAYS >= 6.0         0                 0.0     0.0     0
GREATEST
 SNOW DEPTH         0   MM                            0  MM
 24 HR TOTAL      0.0   MM                          0.0  MM

DEGREE_DAYS
HEATING TOTAL     206               412    -206     332
 SINCE 7/1        560               738    -178     594
COOLING TOTAL      11                 0      11       0
 SINCE 1/1         19                 0      19      13
................................................................

WIND (MPH)
AVERAGE WIND SPEED               10.4
HIGHEST WIND SPEED/DIRECTION     30/100    DATE    08/8
HIGHEST GUST SPEED/DIRECTION     35/280    DATE   08/30

SKY COVER
POSSIBLE SUNSHINE (PERCENT)   MM
AVERAGE SKY COVER             MM
NUMBER OF DAYS FAIR           MM
NUMBER OF DAYS PC             MM
NUMBER OF DAYS CLOUDY         MM

AVERAGE RH (PERCENT)     MM

WEATHER CONDITIONS. NUMBER OF DAYS WITH
THUNDERSTORM              1     ICE PELLETS                 0
RAIN                     17     GLAZE                       0
DRIZZLE                   0     HAIL                        0
SNOW                      0     HAZE                        1
FOG                      10     FOG W/VIS <= 1/4 MILE       1
BLOWING SNOW              0


-  INDICATES NEGATIVE NUMBERS.
R  INDICATES RECORD WAS SET OR TIED.
MM INDICATES DATA IS MISSING.
T  INDICATES TRACE AMOUNT.

&&
...AUGUST WAS DRYER THAN NORMAL IN KOTZEBUE...

AUGUST FOR KOTZEBUE WAS DOMINATED BY A FEW COLD FRONTAL BOUNDARIES AND A SERIES OF LOW PRESSURE TROUGHS. THESE SYSTEMS BROUGHT PREDOMINANTLY CLOUDY SKIES AND MAJORITY OF THE TOTAL PRECIPITATION IN THE LAST TEN DAYS.

THE MONTHLY TEMPERATURE AVERAGES WERE WARMER THAT THE NORMAL FOR MOST OF THE MONTH OF AUGUST. KOTZEBUE ALSO TIED ONE HIGH RECORD TEMPERATURE AND SET FOUR NEW HIGH TEMPERATURE RECORDS AS WELL AS THREE NEW MINIMUM RECORD TEMPERATURES.

PRECIPITATION FOR AUGUST 2014 WAS BELOW THE NORMAL RAIN AVERAGE FOR THE MONTH. THERE WERE NOT ANY DAILY RECORDS BROKEN FOR THE MONTH. THE LAST TEN DAYS SAW AN INCREASE IN THE PRECIPITATION THAT TRIPLED THE EARLIER DAYS.

$$
TGH SEP 14
