000
CXUS53 KDDC 011404
CLMP28


CLIMATE REPORT
NATIONAL WEATHER SERVICE DODGE CITY KS
804 AM CST SUN MAR 1 2015

...................................

...THE MEDICINE LODGE KS CLIMATE SUMMARY FOR THE MONTH OF FEBRUARY 2015...

CLIMATE NORMAL PERIOD 1981 TO 2010
CLIMATE RECORD PERIOD 1893 TO 2015

WEATHER         OBSERVED          NORMAL  DEPART  LAST YEAR`S
                 VALUE   DATE(S)  VALUE   FROM    VALUE  DATE(S)
                                          NORMAL
................................................................
TEMPERATURE (F)
RECORD
 HIGH              91   02/23/1904
 LOW              -22   02/13/1905
HIGHEST            76   02/08        MM      MM       74  02/18
LOWEST              9   02/02        MM      MM        2  02/11
                                                          02/05
AVG. MAXIMUM     46.4              50.5    -4.1     41.7
AVG. MINIMUM     19.8              25.8    -6.0     19.2
MEAN             33.1              38.2    -5.1     30.5
DAYS MAX >= 90      0               0.0     0.0        0
DAYS MAX <= 32      5               2.0     3.0        9
DAYS MIN <= 32     27              21.3     5.7       25
DAYS MIN <= 0       0               0.0     0.0        0

PRECIPITATION (INCHES)
RECORD
 MAXIMUM           MM   MM
 MINIMUM           MM   MM
TOTALS           0.55              1.04   -0.49     0.80
DAYS >= .01         8               5.4     2.6        6
DAYS >= .10         2               2.5    -0.5        1
DAYS >= .50         0               0.8    -0.8        1
DAYS >= 1.00        0               0.0     0.0        0
GREATEST
 24 HR. TOTAL    0.50   01/31 TO 02/01           02/03 TO 02/04
                                                          02/04 TO 02/04
                                                          02/04 TO 02/04

DEGREE_DAYS
HEATING TOTAL     889               752     137      959
 SINCE 7/1       3574              3529      45     3951
COOLING TOTAL       0                 0       0        0
 SINCE 1/1          0                 0       0        0
.....................................................

WIND (MPH)
AVERAGE WIND SPEED              9.4
HIGHEST WIND SPEED/DIRECTION    37/010    DATE  02/26
HIGHEST GUST SPEED/DIRECTION    48/340    DATE  02/01



-  INDICATES NEGATIVE NUMBERS.
R  INDICATES RECORD WAS SET OR TIED.
MM INDICATES DATA IS MISSING.
T  INDICATES TRACE AMOUNT.

$$
