000
CXUS54 KLZK 042220
CLMPBF


CLIMATE REPORT
NATIONAL WEATHER SERVICE LITTLE ROCK AR
514 PM CDT SAT NOV 4 2017

...................................

...THE PINE BLUFF CLIMATE SUMMARY FOR THE MONTH OF OCTOBER 2017...

CLIMATE NORMAL PERIOD 1981 TO 2010
CLIMATE RECORD PERIOD 1883 TO 2017

WEATHER         OBSERVED          NORMAL  DEPART  LAST YEAR`S
                 VALUE   DATE(S)  VALUE   FROM    VALUE  DATE(S)
                                          NORMAL
................................................................
TEMPERATURE (F)
RECORD
 HIGH             100   10/09/1928
 LOW               25   10/30/1917
HIGHEST            91   10/09        76      15       91  10/06
                                                          10/05
LOWEST             28   10/29        52     -24       41  10/22
AVG. MAXIMUM     77.8              75.1     2.7     81.6
AVG. MINIMUM     51.1              51.6    -0.5     54.7
MEAN             64.5              63.4     1.1     68.1
DAYS MAX >= 90      4               0.3     3.7        3
DAYS MAX <= 32      0               0.0     0.0        0
DAYS MIN <= 32      1               0.2     0.8        0
DAYS MIN <= 0       0               0.0     0.0        0

PRECIPITATION (INCHES)
RECORD
 MAXIMUM        14.34   2009
 MINIMUM         0.00   1924
TOTALS           0.96              5.00   -4.04     0.60
DAILY AVG.       0.03              0.16   -0.13     0.02
DAYS >= .01         4               8.2    -4.2        3
DAYS >= .10         2                                  1
DAYS >= .50         1                                  1
DAYS >= 1.00        0               1.7    -1.7        0
GREATEST
 24 HR. TOTAL    0.55   10/22 TO 10/22

SNOWFALL (INCHES)
RECORDS
 TOTAL              T   1993
                        1917
 24 HR TOTAL        T   10/30/1993 TO 10/30/1993
                        10/30/1917 TO 10/30/1917
TOTALS            0.0               0.0     0.0      0.0
 LIQUID EQUIV    0.00              0.00    0.00     0.00
SINCE 7/1         0.0               0.0     0.0      0.0
 LIQUID 7/1      0.00              0.00    0.00     0.00
SNOWDEPTH AVG.      0
DAYS >= TRACE       0               0.0     0.0        0
DAYS >= 1.0         0                                  0
GREATEST
 SNOW DEPTH         0   MM
 24 HR TOTAL      0.0

DEGREE_DAYS
HEATING TOTAL     137               126      11       28
 SINCE 7/1        139               137       2       28
COOLING TOTAL     130                75      55      133
 SINCE 1/1       2059              2119     -60     2313

FREEZE DATES
RECORD
 EARLIEST     10/10/2000
 LATEST       04/25/1910
EARLIEST      10/29             11/12
LATEST                          03/16
..................................................

WIND (MPH)
AVERAGE WIND SPEED              6.2
HIGHEST WIND SPEED/DIRECTION    28/310    DATE  10/22
HIGHEST GUST SPEED/DIRECTION    37/310    DATE  10/22

SKY COVER
POSSIBLE SUNSHINE (PERCENT)   MM
AVERAGE SKY COVER           0.20
NUMBER OF DAYS FAIR           23
NUMBER OF DAYS PC              7
NUMBER OF DAYS CLOUDY          1

AVERAGE RH (PERCENT)     66

WEATHER CONDITIONS. NUMBER OF DAYS WITH
THUNDERSTORM              0     MIXED PRECIP               0
HEAVY RAIN                2     RAIN                       2
LIGHT RAIN                6     FREEZING RAIN              0
LT FREEZING RAIN          0     HAIL                       0
HEAVY SNOW                0     SNOW                       0
LIGHT SNOW                0     SLEET                      0
FOG                      12     FOG W/VIS <= 1/4 MILE      1
HAZE                      4

-  INDICATES NEGATIVE NUMBERS.
R  INDICATES RECORD WAS SET OR TIED.
MM INDICATES DATA IS MISSING.
T  INDICATES TRACE AMOUNT.

&&

...Data for Pine Bluff for October 2017...

.Summary...
October 2017 was definitely an interesting month at Pine Bluff. On
the whole, the month was above average in terms of temperatures, but
it ended up being cooler than the last few Octobers.

There were some pretty wild temperature swings this month. Daily
readings ranged from around five to 15 degrees above average during
much of the first half of the month, with temperatures really
crashing the final week, ranging from around five to near 20 degrees
below average.

There were 90 degree temperatures during the 2nd week. But, by the
fourth week, we were seeing temperatures well below freezing.

Rainfall this month was significantly below average. That being the
case, it was still the wettest October since 2015, as rainfall in
October 2016 was a bit less than this year.

No snow fell during the month.

.Monthly Temperatures...
The average high temperature was the coolest since 2015. The average
low temperature was the coolest since 2012. The average monthly
temperature was the coolest since 2013.

.Daily Temperatures...
Daily temperatures were above average on 16 days, below average on
11 days and average on four days.

.Daily Record Temperatures Tied or Broken During the Month...
None.

.Monthly Rainfall...
Rainfall was significantly below average. However, this October saw
more rainfall than last year. Technically, this was the wettest
October since 2015.

.Daily Rainfall Records Tied or Broken During the Month...
None.

.Monthly Snowfall...
No snow fell during the month.

.Daily Snowfall Records Tied or Broken During the Month...
None.

$$

57
