000
CXUS56 KPDT 031438
CLMPDT

CLIMATE REPORT
NATIONAL WEATHER SERVICE PENDLETON OREGON
737 AM PDT MON AUG 03 2015

....................................

...THE PENDLETON OR CLIMATE SUMMARY FOR THE MONTH OF JULY 2015...

CLIMATE NORMAL PERIOD 1981 TO 2010
CLIMATE RECORD PERIOD 1934 TO 2015

WEATHER         OBSERVED          NORMAL  DEPART  LAST YEAR`S
                 VALUE   DATE(S)  VALUE   FROM    VALUE  DATE(S)
                                          NORMAL

................................................................

TEMPERATURE (F)
RECORD
 HIGH             110   7/27/1939
 LOW               41   7/ 4/2012
HIGHEST           104   7/31      102         2           105   7/16
LOWEST             49   7/28       47         2            48   7/25
AVG. MAXIMUM     91.6            87.9       3.7          94.5
AVG. MINUMUM     60.6            57.2       3.4          60.8
MEAN             76.1            72.6       3.5          77.6
DAYS MAX >= 90     16              15         1            24
DAYS MAX <= 32      0               0         0             0
DAYS MIN <= 32      0               0         0             0
DAYS MIN <= 0       0               0         0             0


PRECIPITATION (INCHES)
RECORD
 MAXIMUM          1.45   1993
 MINIMUM             T   2009
TOTALS               T            0.32     -0.32          0.22
DAILY AVG.        0.00            0.01     -0.01          0.01
DAYS >=  0.01        0               3        -3             3
DAYS >=  0.10        0               1        -1             1
DAYS >=  0.50        0               0         0             0
DAYS >=  1.00        0               0         0             0
GREATEST
 24 HR. TOTAL        T   7/13



SNOWFALL (INCHES)
RECORD
 MAXIMUM           0.0   2015
 MINIMUM           0.0   2014
TOTALS             0.0             0.0       0.0           0.0
SINCE 7/1          0.0             0.0       0.0           0.0
DAYS >=  TRACE                       0         0
DAYS >=  1.0         0               0         0             0
GREATEST
 24 HR. TOTAL      0.0   7/31


DEGREE DAYS
HEATING TOTAL        0               7        -7             2
 SINCE 7/1           0               7        -7             2
COOLING TOTAL      354             245       109           401
 SINCE 1/1         634             346       288           483

.............................................................

WIND (MPH)
AVERAGE WIND SPEED                     9.5
RESULTANT WIND SPEED/DIRECTION         6/221
HIGHEST WIND SPEED/DIRECTION          32/260      DATE          07/15
HIGHEST GUST SPEED/DIRECTION          40/270      DATE          07/15


WEATHER CONDITIONS. NUMBER OF DAYS WITH
THUNDERSTORM               2    MIXED PRECIP                           0
HEAVY RAIN                 0    RAIN                                   0
LIGHT RAIN                 4    FREEZING RAIN                          0
LT FREEZING RAIN           0    HAIL                                   0
HEAVY SNOW                 0    SNOW                                   0
LIGHT SNOW                 0    SLEET                                  0
FOG                        0    FOG W/VIS <=1/4 MILE                   0
HAZE                      11

-  INDICATES NEGATIVE NUMBERS.
R  INDICATES RECORD WAS SET OR TIED.
MM INDICATES DATA IS MISSING.
T  INDICATES TRACE AMOUNT.

$$
