000
CXUS56 KPQR 011534
CLMPDX


CLIMATE REPORT
NATIONAL WEATHER SERVICE PORTLAND OREGON
834 AM PDT WED OCT 1 2014

...................................

...THE PORTLAND OR CLIMATE SUMMARY FOR THE MONTH OF SEPTEMBER 2014...

CLIMATE NORMAL PERIOD 1981 TO 2010
CLIMATE RECORD PERIOD 1940 TO 2014

WEATHER         OBSERVED          NORMAL  DEPART  LAST YEAR`S
                 VALUE   DATE(S)  VALUE   FROM    VALUE  DATE(S)
                                          NORMAL
................................................................
TEMPERATURE (F)
HIGHEST            94                                 95  09/11
LOWEST             51                                 47  09/25
                                                          09/19
AVG. MAXIMUM     78.7              75.8     2.9     72.8
AVG. MINIMUM     56.5              53.1     3.4     56.7
MEAN             67.6              64.5     3.1     64.7
DAYS MAX >= 90      4               1.6     2.4        2
DAYS MAX <= 32      0               0.0     0.0        0
DAYS MIN <= 32      0               0.0     0.0        0
DAYS MIN <= 0       0               0.0     0.0        0

PRECIPITATION (INCHES)
RECORD
 MAXIMUM         5.62   2013
 MINIMUM            T   1993
                        1975
TOTALS           0.98              1.47   -0.49     5.62
DAYS >= .01         5               6.7    -1.7       14
DAYS >= .10         4               3.3     0.7       11
DAYS >= .50         0               0.8    -0.8        4
DAYS >= 1.00        0               0.2    -0.2        2
GREATEST
 24 HR. TOTAL    0.70   09/23 TO 09/24

DEGREE_DAYS
HEATING TOTAL      17                76     -59       85
 SINCE 7/1         18               103     -85       90
COOLING TOTAL     101                59      42       86
 SINCE 1/1        636               422     214      539
.................................................................

WIND (MPH)
AVERAGE WIND SPEED              6.3
RESULTANT WIND SPEED/DIRECTION   1/357
HIGHEST WIND SPEED/DIRECTION    35/080    DATE  09/11
HIGHEST GUST SPEED/DIRECTION    44/080    DATE  09/11

SKY COVER
POSSIBLE SUNSHINE (PERCENT)   MM
AVERAGE SKY COVER           0.50
NUMBER OF DAYS FAIR            0
NUMBER OF DAYS PC              0
NUMBER OF DAYS CLOUDY          0

AVERAGE RH (PERCENT)     63

WEATHER CONDITIONS. NUMBER OF DAYS WITH
THUNDERSTORM              0     MIXED PRECIP               0
HEAVY RAIN                1     RAIN                       2
LIGHT RAIN                9     FREEZING RAIN              0
LT FREEZING RAIN          0     HAIL                       0
HEAVY SNOW                0     SNOW                       0
LIGHT SNOW                0     SLEET                      0
FOG                       6     FOG W/VIS <= 1/4 MILE      0
HAZE                      1

-  INDICATES NEGATIVE NUMBERS.
R  INDICATES RECORD WAS SET OR TIED.
MM INDICATES DATA IS MISSING.
T  INDICATES TRACE AMOUNT.

$$
