000
CXUS53 KUNR 011608
CLMPHP


CLIMATE REPORT
NATIONAL WEATHER SERVICE RAPID CITY SD
1007 AM MDT TUE SEP 1 2015

...................................

...THE PHILIP SD CLIMATE SUMMARY FOR THE MONTH OF AUGUST 2015...

CLIMATE NORMAL PERIOD 1981 TO 2010
CLIMATE RECORD PERIOD 9999 TO 9999

WEATHER         OBSERVED          NORMAL  DEPART  LAST YEAR`S
                 VALUE   DATE(S)  VALUE   FROM    VALUE  DATE(S)
                                          NORMAL
................................................................
TEMPERATURE (F)
HIGHEST           103   08/15                        100  08/14
LOWEST             39R  08/24                         49  08/11
AVG. MAXIMUM     84.8              88.8    -4.0     85.5
AVG. MINIMUM     57.5              58.2    -0.7     58.9
MEAN             71.1              73.5    -2.4     72.2
DAYS MAX >= 90     10                                 11
DAYS MAX <= 32      0                                  0
DAYS MIN <= 32      0                                  0
DAYS MIN <= 0       0                                  0

PRECIPITATION (INCHES)
TOTALS           2.90              1.50    1.40     4.50
DAILY AVG.       0.09              0.05    0.04     0.15
DAYS >= .01        11                                 11
DAYS >= .10         5                                  8
DAYS >= .50         3                                  2
DAYS >= 1.00        0                                  1
GREATEST
 24 HR. TOTAL    1.29   08/17 TO 08/18              2.10

DEGREE_DAYS
HEATING TOTAL      32                17      15        3
 SINCE 7/1         32                25       7       19
COOLING TOTAL     224               280     -56      233
 SINCE 1/1        621               735    -114      579
.................................................................

WIND (MPH)
AVERAGE WIND SPEED              8.3
HIGHEST WIND SPEED/DIRECTION    56/330    DATE  08/26
HIGHEST GUST SPEED/DIRECTION    76/030    DATE  08/26

AVERAGE RH (PERCENT)     67

WEATHER CONDITIONS. NUMBER OF DAYS WITH
THUNDERSTORM              0     MIXED PRECIP               0
HEAVY RAIN                6     RAIN                       6
LIGHT RAIN               12     FREEZING RAIN              0
LT FREEZING RAIN          0     HAIL                       0
HEAVY SNOW                0     SNOW                       0
LIGHT SNOW                0     SLEET                      0
FOG                      11     FOG W/VIS <= 1/4 MILE      2
HAZE                      3

-  INDICATES NEGATIVE NUMBERS.
R  INDICATES RECORD WAS SET OR TIED.
MM INDICATES DATA IS MISSING.
T  INDICATES TRACE AMOUNT.

$$
