673
CXUS55 KPSR 011317
CLMPHX

CLIMATE REPORT
NATIONAL WEATHER SERVICE PHOENIX AZ
615 AM MST SUN MAY 1 2016

...................................

...THE PHOENIX AZ CLIMATE SUMMARY FOR THE MONTH OF APRIL 2016...

CLIMATE NORMAL PERIOD 1981 TO 2010
CLIMATE RECORD PERIOD 1895 TO 2016

WEATHER         OBSERVED          NORMAL  DEPART
                 VALUE   DATE(S)  VALUE   FROM
                                          NORMAL
................................................
TEMPERATURE (F)
RECORD
 HIGH             105   04/22/2012
                        04/29/1992
                        04/20/1989
 LOW               35   04/10/1922
HIGHEST            97   04/22        99      -2
                        04/21
                        04/06
LOWEST             52   04/01        50       2
AVG. MAXIMUM     85.4              85.2     0.2
AVG. MINIMUM     61.6              60.2     1.4
MEAN             73.5              72.7     0.8
DAYS MAX >= 90      8               9.7    -1.7
DAYS MAX <= 32      0               0.0     0.0
DAYS MIN <= 32      0               0.0     0.0
DAYS MIN <= 0       0               0.0     0.0

PRECIPITATION (INCHES)
RECORD
 MAXIMUM         3.36   1926
 MINIMUM         0.00   2008
                        2000
                        1993
TOTALS           0.51              0.28    0.23
DAYS >= .01         3               1.7     1.3
DAYS >= .10         2               0.8     1.2
DAYS >= .50         0               0.1    -0.1
DAYS >= 1.00        0               0.0     0.0
GREATEST
 24 HR. TOTAL    0.26   04/09 TO 04/10


DEGREE_DAYS
HEATING TOTAL       0                20     -20
 SINCE 7/1        829               934    -105
COOLING TOTAL     260               251       9
 SINCE 1/1        538               355     183
.................................................

WIND (MPH)
AVERAGE WIND SPEED              7.4
HIGHEST GUST SPEED/DIRECTION    46/230    DATE  04/25

AVERAGE RH (PERCENT)     27

WEATHER CONDITIONS. NUMBER OF DAYS WITH
THUNDERSTORM              2     HEAVY RAIN                 1
RAIN                      2     LIGHT RAIN                 4
FOG W/VIS <= 1/4 MILE     0

-  INDICATES NEGATIVE NUMBERS.
R  INDICATES RECORD WAS SET OR TIED.
MM INDICATES DATA IS MISSING.
T  INDICATES TRACE AMOUNT.

$$
