000
CXUS55 KPSR 190758 CCA
CLMPHX

CLIMATE REPORT
NATIONAL WEATHER SERVICE PHOENIX AZ
544 AM MST THU JUN 1 2017

...................................

...THE PHOENIX AZ CLIMATE SUMMARY FOR THE MONTH OF MAY 2017...

CLIMATE NORMAL PERIOD 1981 TO 2010
CLIMATE RECORD PERIOD 1895 TO 2017

WEATHER         OBSERVED          NORMAL  DEPART
                 VALUE   DATE(S)  VALUE   FROM
                                          NORMAL
................................................
TEMPERATURE (F)
RECORD
 HIGH             114   05/30/1910
 LOW               39   05/03/1899
HIGHEST           108   05/24       106       2
                        05/05
LOWEST             57   05/09        58      -1
AVG. MAXIMUM     94.5              94.8    -0.3
AVG. MINIMUM     69.1              69.4    -0.3
MEAN             81.8              82.1    -0.3
DAYS MAX >= 90     22              23.6    -1.6
DAYS MAX <= 32      0               0.0     0.0
DAYS MIN <= 32      0               0.0     0.0
DAYS MIN <= 0       0               0.0     0.0

PRECIPITATION (INCHES)
RECORD
 MAXIMUM         1.31   1930
 MINIMUM         0.00   2014
                        2013
                        2010
TOTALS           0.01              0.11   -0.10
DAYS >= .01         1               1.0     0.0
DAYS >= .10         0               0.4    -0.4
DAYS >= .50         0               0.0     0.0
DAYS >= 1.00        0               0.0     0.0
GREATEST
 24 HR. TOTAL    0.01   05/09 TO 05/09

DEGREE_DAYS
HEATING TOTAL       0                 1      -1
 SINCE 7/1        693               935    -242
COOLING TOTAL     530               531      -1
 SINCE 1/1       1074               886     188
.................................................

WIND (MPH)
AVERAGE WIND SPEED              7.9
HIGHEST GUST SPEED/DIRECTION    40/210    DATE  05/06

AVERAGE RH (PERCENT)     21

WEATHER CONDITIONS. NUMBER OF DAYS WITH
THUNDERSTORM              2     HEAVY RAIN                 0
RAIN                      0     LIGHT RAIN                 2
FOG W/VIS <= 1/4 MILE     0

-  INDICATES NEGATIVE NUMBERS.
R  INDICATES RECORD WAS SET OR TIED.
MM INDICATES DATA IS MISSING.
T  INDICATES TRACE AMOUNT.

$$
