000
CXUS53 KILX 011613
CLMPIA


CLIMATE REPORT
NATIONAL WEATHER SERVICE LINCOLN IL
1029 AM CDT TUE AUG 1 2017

...................................

...THE PEORIA IL CLIMATE SUMMARY FOR THE MONTH OF JULY 2017...

CLIMATE NORMAL PERIOD 1981 TO 2010
CLIMATE RECORD PERIOD 1883 TO 2017

WEATHER         OBSERVED          NORMAL  DEPART  LAST YEAR`S
                 VALUE   DATE(S)  VALUE   FROM    VALUE
                                          NORMAL
.............................................................
TEMPERATURE (F)
RECORD
 HIGH             113   07/15/1936
 LOW               46   07/26/1911
HIGHEST            96   07/20        86      10       93
LOWEST             58   07/02        65      -7       58
AVG. MAXIMUM     87.1              85.6     1.5     84.7
AVG. MINIMUM     66.4              65.5     0.9     68.0
MEAN             76.7              75.5     1.2     76.4
DAYS MAX >= 90     11               7.2     3.8        4
DAYS MAX <= 32      0               0.0     0.0        0
DAYS MIN <= 32      0               0.0     0.0        0
DAYS MIN <= 0       0               0.0     0.0        0

PRECIPITATION (INCHES)
RECORD
 MAXIMUM        10.15   1993
 MINIMUM         0.33   1988
TOTALS           4.47              3.85    0.62     5.01
DAILY AVG.       0.14              0.12    0.02     0.16
DAYS >= .01        10               9.1     0.9       10
DAYS >= .10         5               5.9    -0.9        9
DAYS >= .50         3               2.6     0.4        2
DAYS >= 1.00        1               1.2    -0.2        2
GREATEST
 24 HR. TOTAL    2.15   07/10 TO 07/10              1.70

SNOWFALL (INCHES)
RECORDS
 TOTAL            0.0   MM
TOTALS            0.0               0.0     0.0      0.0
SINCE 7/1         0.0               0.0     0.0      0.0
DAYS >= 1.0         0               0.0     0.0        0
GREATEST
 SNOW DEPTH         0   MM                             0
 24 HR TOTAL      0.0   07/31 TO 07/31               0.0

DEGREE_DAYS
HEATING TOTAL       0                 1      -1        4
 SINCE 7/1          0                 1      -1        4
COOLING TOTAL     373               328      45      364
 SINCE 1/1        713               631      82      797
..............................................................

WIND (MPH)
AVERAGE WIND SPEED              6.0
HIGHEST WIND SPEED/DIRECTION    28/280    DATE  07/26
HIGHEST GUST SPEED/DIRECTION    40/290    DATE  07/26

SKY COVER
POSSIBLE SUNSHINE (PERCENT)   MM
AVERAGE SKY COVER           0.20
NUMBER OF DAYS FAIR           26
NUMBER OF DAYS PC              5
NUMBER OF DAYS CLOUDY          0

AVERAGE RH (PERCENT)     75

WEATHER CONDITIONS. NUMBER OF DAYS WITH
THUNDERSTORM              8     MIXED PRECIP               0
HEAVY RAIN                5     RAIN                       8
LIGHT RAIN               11     FREEZING RAIN              0
LT FREEZING RAIN          0     HAIL                       0
HEAVY SNOW                0     SNOW                       0
LIGHT SNOW                0     SLEET                      0
FOG                      13     FOG W/VIS <= 1/4 MILE      2
HAZE                      0

-  INDICATES NEGATIVE NUMBERS.
R  INDICATES RECORD WAS SET OR TIED.
MM INDICATES DATA IS MISSING.
T  INDICATES TRACE AMOUNT.

&&

RECORDS ESTABLISHED DURING JULY 2017:
SET MAXIMUM DAILY RAINFALL OF 2.15 INCHES OF RAIN ON THE 10TH.

$$
