000
CXUS51 KPBZ 011330
CLMPIT


CLIMATE REPORT
NATIONAL WEATHER SERVICE PITTSBURGH PA
929 AM EDT SAT AUG 1 2015

...................................

...THE PITTSBURGH CLIMATE SUMMARY FOR THE MONTH OF JULY 2015...

CLIMATE NORMAL PERIOD 1981 TO 2010
CLIMATE RECORD PERIOD 1871 TO 2015

WEATHER         OBSERVED          NORMAL  DEPART  LAST YEAR`S
                 VALUE   DATE(S)  VALUE   FROM    VALUE  DATE(S)
                                          NORMAL
................................................................
TEMPERATURE (F)
RECORD
 HIGH             103   07/16/1988
                        07/10/1881
 LOW               42   07/09/1963
HIGHEST            92                        MM       88  07/22
                                                          07/01
LOWEST             55                        MM       50  07/05
AVG. MAXIMUM     82.7              82.5     0.2     79.7
AVG. MINIMUM     63.8              62.8     1.0     61.2
MEAN             73.3              72.6     0.7     70.5
DAYS MAX >= 90      2               3.0    -1.0        0
DAYS MAX <= 32      0               0.0     0.0        0
DAYS MIN <= 32      0               0.0     0.0        0
DAYS MIN <= 0       0               0.0     0.0        0

PRECIPITATION (INCHES)
RECORD
 MAXIMUM         9.51   1887
 MINIMUM         1.16   1894
TOTALS           3.61              3.83   -0.22
DAILY AVG.       0.12              0.12    0.00     0.17
DAYS >= .01        12              10.2     1.8       13
DAYS >= .10         6               6.8    -0.8       10
DAYS >= .50         2               2.6    -0.6        4
DAYS >= 1.00        1               0.9     0.1        2
GREATEST
 24 HR. TOTAL    1.51   07/07 TO 07/08           07/26 TO 07/27
                                                          07/30 TO 07/30
                                                          07/30 TO 07/30

SNOWFALL (INCHES)
RECORDS
 TOTAL            0.0   MM
 24 HR TOTAL      0.0   07/31/2002 TO 07/31/2002
                        07/01/2001 TO 07/01/2001
TOTALS            0.0               0.0     0.0      0.0
SINCE 7/1         0.0               0.0     0.0      0.0
SNOWDEPTH AVG.      0                MM      MM        0
DAYS >= TRACE       0
DAYS >= 1.0         0               0.0     0.0        0
GREATEST
 24 HR TOTAL      0.0   07/31 TO 07/31               0.0

DEGREE_DAYS
HEATING TOTAL       0                 4      -4       11
 SINCE 7/1          0                 4      -4       11
COOLING TOTAL     266               241      25      188
 SINCE 1/1        593               443     150      447
.................................................

WIND (MPH)
AVERAGE WIND SPEED              5.7
HIGHEST WIND SPEED/DIRECTION    26/240    DATE  07/07
HIGHEST GUST SPEED/DIRECTION    51/240    DATE  07/07

AVERAGE RH (PERCENT)     69

WEATHER CONDITIONS. NUMBER OF DAYS WITH
THUNDERSTORM              0     MIXED PRECIP               0
HEAVY RAIN                3     RAIN                       5
LIGHT RAIN               16     FREEZING RAIN              0
LT FREEZING RAIN          0     HAIL                       0
HEAVY SNOW                0     SNOW                       0
LIGHT SNOW                0     SLEET                      0
FOG                      22     FOG W/VIS <= 1/4 MILE      0
HAZE                     17

-  INDICATES NEGATIVE NUMBERS.
R  INDICATES RECORD WAS SET OR TIED.
MM INDICATES DATA IS MISSING.
T  INDICATES TRACE AMOUNT.

$$
