000
CXUS51 KRLX 090147
CLMPKB


CLIMATE REPORT
NATIONAL WEATHER SERVICE CHARLESTON WV
946 PM EDT WED JUL 8 2015

...................................

...THE PARKERSBURG CLIMATE SUMMARY FOR THE MONTH OF JUNE 2015...

CLIMATE NORMAL PERIOD 1981 TO 2010
CLIMATE RECORD PERIOD 1889 TO 2015

WEATHER         OBSERVED          NORMAL  DEPART  LAST YEAR`S
                 VALUE   DATE(S)  VALUE   FROM    VALUE  DATE(S)
                                          NORMAL
................................................................
TEMPERATURE (F)
RECORD
 HIGH             102   06/25/1988
 LOW                0   06/15/2003
HIGHEST            91   06/12        MM      MM       MM  MM
LOWEST             51   06/01        MM      MM       MM  MM
AVG. MAXIMUM     81.2              81.8    -0.6       MM
AVG. MINIMUM     62.2              59.7     2.5       MM
MEAN             71.7              70.8     0.9       MM
DAYS MAX >= 90      2               2.2    -0.2       MM
DAYS MAX <= 32      0               0.0     0.0       MM
DAYS MIN <= 32      0               0.0     0.0       MM
DAYS MIN <= 0       0               0.0     0.0       MM

PRECIPITATION (INCHES)
RECORD
 MAXIMUM        13.20   1998
 MINIMUM         0.45   1984
TOTALS           5.89              4.02    1.87       MM
DAILY AVG.       0.20              0.13    0.07       MM
DAYS >= .01        15              10.8     4.2       MM
DAYS >= .10        11               6.7     4.3       MM
DAYS >= .50         3               2.7     0.3
DAYS >= 1.00        1               0.9     0.1       MM
GREATEST
 24 HR. TOTAL    1.68   06/20 TO 06/20                MM
 STORM TOTAL       MM                                 MM
 (MM/DD(HH))       MM                                 MM



SNOWFALL (INCHES)
TOTALS             MM

DEGREE_DAYS
HEATING TOTAL      15                19      -4       MM
 SINCE 7/1       5357              4972     385       MM
COOLING TOTAL     223               191      32       MM
 SINCE 1/1        384               275     109       MM
.................................................................

WIND (MPH)
AVERAGE WIND SPEED              5.1
HIGHEST WIND SPEED/DIRECTION    36/300    DATE  06/18
HIGHEST GUST SPEED/DIRECTION    49/290    DATE  06/18

SKY COVER
POSSIBLE SUNSHINE (PERCENT)   MM
AVERAGE SKY COVER           0.50
NUMBER OF DAYS FAIR           12
NUMBER OF DAYS PC             11
NUMBER OF DAYS CLOUDY          7

AVERAGE RH (PERCENT)     76

WEATHER CONDITIONS. NUMBER OF DAYS WITH
THUNDERSTORM              0     MIXED PRECIP               0
HEAVY RAIN                8     RAIN                       9
LIGHT RAIN               17     FREEZING RAIN              0
LT FREEZING RAIN          0     HAIL                       0
HEAVY SNOW                0     SNOW                       0
LIGHT SNOW                0     SLEET                      0
FOG                      23     FOG W/VIS <= 1/4 MILE      1
HAZE                      6

-  INDICATES NEGATIVE NUMBERS.
R  INDICATES RECORD WAS SET OR TIED.
MM INDICATES DATA IS MISSING.
T  INDICATES TRACE AMOUNT.

$$
