000
CXUS54 KMOB 010710
CLMPNS


CLIMATE REPORT
NATIONAL WEATHER SERVICE MOBILE AL
203 AM CDT SUN MAY 1 2016

...................................

...THE PENSACOLA CLIMATE SUMMARY FOR THE MONTH OF APRIL 2016...

CLIMATE NORMAL PERIOD 1981 TO 2010
CLIMATE RECORD PERIOD 1879 TO 2016

WEATHER         OBSERVED          NORMAL  DEPART  LAST YEAR`S
                 VALUE   DATE(S)  VALUE   FROM    VALUE  DATE(S)
                                          NORMAL
................................................................
TEMPERATURE (F)
RECORD
 HIGH              96   04/22/1987
 LOW               33   04/04/1987
HIGHEST            85   04/29                         87  04/26
LOWEST             47   04/03                         54  04/30
                                                          04/05
AVG. MAXIMUM     77.3              75.7     1.6     78.6
AVG. MINIMUM     61.0              57.6     3.4     64.2
MEAN             69.2              66.6     2.6     71.4
DAYS MAX >= 90      0               0.1    -0.1        0
DAYS MAX <= 32      0               0.0     0.0        0
DAYS MIN <= 32      0               0.0     0.0        0
DAYS MIN <= 0       0               0.0     0.0        0

PRECIPITATION (INCHES)

TOTALS           6.00              4.32    1.68     9.98
DAILY AVG.       0.20              0.14    0.06     0.33
DAYS >= .01         7               6.5     0.5       12
DAYS >= .10         5               4.4     0.6       10
DAYS >= .50         4               2.5     1.5        7
DAYS >= 1.00        2               1.4     0.6        4
GREATEST
 24 HR. TOTAL    2.86   04/01 TO 04/01


DEGREE_DAYS
HEATING TOTAL      11                51     -40        1
 SINCE 7/1        965              1535    -570     1544
COOLING TOTAL     141               101      40      199
 SINCE 1/1        245               148      97      308
.................................................................

WIND (MPH)
AVERAGE WIND SPEED              8.5
HIGHEST WIND SPEED/DIRECTION    35/220    DATE  04/28
HIGHEST GUST SPEED/DIRECTION    45/220    DATE  04/28

SKY COVER
POSSIBLE SUNSHINE (PERCENT)   MM
AVERAGE SKY COVER           0.40
NUMBER OF DAYS FAIR           18
NUMBER OF DAYS PC              5
NUMBER OF DAYS CLOUDY          7

AVERAGE RH (PERCENT)     69

WEATHER CONDITIONS. NUMBER OF DAYS WITH
THUNDERSTORM              6     MIXED PRECIP               0
HEAVY RAIN                5     RAIN                       6
LIGHT RAIN                9     FREEZING RAIN              0
LT FREEZING RAIN          0     HAIL                       0
HEAVY SNOW                0     SNOW                       0
LIGHT SNOW                0     SLEET                      0
FOG                      10     FOG W/VIS <= 1/4 MILE      0
HAZE                      0

-  INDICATES NEGATIVE NUMBERS.
R  INDICATES RECORD WAS SET OR TIED.
MM INDICATES DATA IS MISSING.
T  INDICATES TRACE AMOUNT.

$$
