419
CXUS51 KPHI 022034
CLMRDG


CLIMATE REPORT
NATIONAL WEATHER SERVICE MOUNT HOLLY NJ
434 PM EDT FRI JUN 2 2017

...................................

...THE READING PA CLIMATE SUMMARY FOR THE MONTH OF MAY 2017...

CLIMATE NORMAL PERIOD 1981 TO 2010
CLIMATE RECORD PERIOD 1869 TO 2017

WEATHER         OBSERVED          NORMAL  DEPART  LAST YEAR`S
                 VALUE   DATE(S)  VALUE   FROM    VALUE
                                          NORMAL
.............................................................
TEMPERATURE (F)
RECORD
 HIGH              96   05/20/1996
                        05/19/1962
                        05/18/1962
 LOW               26   05/01/1978
HIGHEST            92                MM      MM       91
LOWEST             36                MM      MM       37
AVG. MAXIMUM     70.2              72.4    -2.2     70.8
AVG. MINIMUM     51.0              49.9     1.1     51.5
MEAN             60.6              61.1    -0.5     61.1
DAYS MAX >= 90      3               0.5     2.5        2
DAYS MAX <= 32      0               0.0     0.0        0
DAYS MIN <= 32      0               0.2    -0.2        0
DAYS MIN <= 0       0               0.0     0.0        0

PRECIPITATION (INCHES)
RECORD
 MAXIMUM        13.34   1894
 MINIMUM         0.00   2013
TOTALS           3.72              4.24   -0.52     4.38
DAILY AVG.       0.12              0.14   -0.02     0.14
DAYS >= .01        17                MM      MM       20
DAYS >= .10         7                MM      MM       10
DAYS >= .50         2                MM      MM        2
DAYS >= 1.00        1                MM      MM        1
GREATEST
 24 HR. TOTAL    1.19   05/13 TO 05/13              1.22

DEGREE_DAYS
HEATING TOTAL     175               170       5      192
 SINCE 7/1       4565              5368    -803     4494
COOLING TOTAL      48                51      -3       81
 SINCE 1/1         75                60      15       94
..............................................................

WIND (MPH)
AVERAGE WIND SPEED              6.6
HIGHEST WIND SPEED/DIRECTION    32/290    DATE  05/14
HIGHEST GUST SPEED/DIRECTION    45/240    DATE  05/02

SKY COVER
POSSIBLE SUNSHINE (PERCENT)   MM
AVERAGE SKY COVER           0.60
NUMBER OF DAYS FAIR            9
NUMBER OF DAYS PC             11
NUMBER OF DAYS CLOUDY         11

AVERAGE RH (PERCENT)     74

WEATHER CONDITIONS. NUMBER OF DAYS WITH
THUNDERSTORM              0     MIXED PRECIP               0
HEAVY RAIN                6     RAIN                       5
LIGHT RAIN               20     FREEZING RAIN              0
LT FREEZING RAIN          0     HEAVY SNOW                 0
SNOW                      0     LIGHT SNOW                 0
SLEET                     0     FOG                       18
FOG W/VIS <= 1/4 MILE     3     HAZE                       0

-  INDICATES NEGATIVE NUMBERS.
R  INDICATES RECORD WAS SET OR TIED.
MM INDICATES DATA IS MISSING.
T  INDICATES TRACE AMOUNT.

$$
