000
CXUS55 KGJT 012123
CLMRIL

CLIMATE REPORT
NATIONAL WEATHER SERVICE GRAND JUNCTION CO
344 AM MST MON JAN 1 2018

...................................

...THE RIFLE CO CLIMATE SUMMARY FOR THE MONTH OF DECEMBER 2017...

CLIMATE NORMAL PERIOD 1981 TO 2010
CLIMATE RECORD PERIOD 9999 TO 9999

WEATHER         OBSERVED          NORMAL  DEPART  LAST YEAR`S
                 VALUE   DATE(S)  VALUE   FROM    VALUE  DATE(S)
                                          NORMAL
................................................................
TEMPERATURE (F)
HIGHEST            60   12/03        MM      MM       52  12/16
LOWEST              2   12/22        MM      MM        2  12/19
AVG. MAXIMUM     43.4              35.8     7.6     37.0
AVG. MINIMUM     14.5              14.3     0.2     17.7
MEAN             28.9              25.0     3.9     27.4
DAYS MAX >= 90      0               0.0     0.0        0
DAYS MAX <= 32      1               9.9    -8.9        8
DAYS MIN <= 32     31              30.2     0.8       31
DAYS MIN <= 0       0               2.2    -2.2        0

PRECIPITATION (INCHES)
TOTALS           0.04              0.84   -0.80     0.93
DAILY AVG.       0.00              0.03   -0.03     0.03
DAYS >= .01         2                MM      MM        8
DAYS >= .10         0                MM      MM        4
DAYS >= .50         0                MM      MM        0
DAYS >= 1.00        0                MM      MM        0
GREATEST
 24 HR. TOTAL    0.03   12/25 TO 12/25              0.44

SNOWFALL (INCHES)
TOTALS             MM                MM      MM       MM
SINCE 7/1          MM                MM      MM       MM
SNOWDEPTH AVG.     MM                MM      MM       MM
DAYS >= 1.0        MM                MM      MM       MM
GREATEST
 SNOW DEPTH        MM                                 MM  MM
 24 HR TOTAL       MM                                 MM

DEGREE_DAYS
HEATING TOTAL    1112              1238    -126     1161
 SINCE 7/1       2420              2764    -344     2295
COOLING TOTAL       0                 0       0        0
 SINCE 1/1        872               541     331      675
.................................................................

WIND (MPH)
AVERAGE WIND SPEED              3.4
HIGHEST WIND SPEED/DIRECTION    48/260    DATE  12/03
HIGHEST GUST SPEED/DIRECTION    58/250    DATE  12/03

SKY COVER
POSSIBLE SUNSHINE (PERCENT)   MM
AVERAGE SKY COVER           0.20
NUMBER OF DAYS FAIR           23
NUMBER OF DAYS PC              5
NUMBER OF DAYS CLOUDY          3

AVERAGE RH (PERCENT)     57

WEATHER CONDITIONS. NUMBER OF DAYS WITH
THUNDERSTORM              0     MIXED PRECIP               0
HEAVY RAIN                0     RAIN                       0
LIGHT RAIN                1     FREEZING RAIN              0
LT FREEZING RAIN          0     HAIL                       0
HEAVY SNOW                0     SNOW                       1
LIGHT SNOW                4     SLEET                      0
FOG                       3     FOG W/VIS <= 1/4 MILE      1
HAZE                      4

-  INDICATES NEGATIVE NUMBERS.
R  INDICATES RECORD WAS SET OR TIED.
MM INDICATES DATA IS MISSING.
T  INDICATES TRACE AMOUNT.

$$
