000
CXUS56 KSGX 011533
CLMRNM


CLIMATE REPORT
NATIONAL WEATHER SERVICE SAN DIEGO, CA
832 AM PDT THU SEP 1 2016

...................................

...THE RAMONA AIRPORT CA CLIMATE SUMMARY FOR THE MONTH OF AUGUST 2016...

CLIMATE NORMAL PERIOD 1981 TO 2010
CLIMATE RECORD PERIOD 1974 TO 2016

WEATHER         OBSERVED          NORMAL  DEPART  LAST YEAR`S
                 VALUE   DATE(S)  VALUE   FROM    VALUE  DATE(S)
                                          NORMAL
................................................................
TEMPERATURE (F)
RECORD
 HIGH             108   08/29/1998
 LOW               38   08/23/1978
HIGHEST           104   08/16        91      13      103  08/16
                                                          08/15
LOWEST             50   08/10        57      -7       54  08/19
                                                          08/12
AVG. MAXIMUM     91.1              90.3     0.8     91.4
AVG. MINIMUM     57.6              57.6     0.0     59.7
MEAN             74.3              74.0     0.3     75.5
DAYS MAX >= 90     14              15.7    -1.7       17
DAYS MAX <= 32      0               0.0     0.0        0
DAYS MAX >= 100     3                                  4
DAYS MAX >= 110     0                                  0
DAYS MIN <= 32      0               0.0     0.0        0
DAYS MIN <= 0       0               0.0     0.0        0

PRECIPITATION (INCHES)
RECORD
 MAXIMUM         2.17   1977
 MINIMUM         0.00   2010
                        2002
                        2000
TOTALS           0.00R             0.15   -0.15        T
DAILY AVG.       0.00              0.00    0.00        T
DAYS >= .01         0                MM      MM        0
DAYS >= .10         0                MM      MM        0
DAYS >= .50         0                MM      MM        0
DAYS >= 1.00        0                MM      MM        0
DAYS >= 1.50        0                                  0
DAYS >= 2.00        0                                  0
GREATEST
 24 HR. TOTAL    0.00   MM                       08/25 TO 08/25
                                                          08/31 TO 08/31
                                                          08/31 TO 08/31
 STORM TOTAL       MM                                 MM
 (MM/DD(HH))            MM                    08/25(00) TO 08/25(00)
                                                 08/31(00) TO 08/31(00)1
                                                 08/31(00) TO 08/31(00)1

DEGREE_DAYS
HEATING TOTAL       0                 1      -1        0
 SINCE 7/1          0                 3      -3        0
COOLING TOTAL     297               278      19      332
 SINCE 1/1        796               613     183      780

FREEZE DATES
RECORD
 EARLIEST     10/10/1974
 LATEST       05/07/1975
EARLIEST                        11/24
LATEST                          03/25
..................................................

WIND (MPH)
AVERAGE WIND SPEED              5.0
RESULTANT WIND SPEED/DIRECTION   4/286
HIGHEST WIND SPEED/DIRECTION    20/310    DATE  08/16
HIGHEST GUST SPEED/DIRECTION    27/300    DATE  08/16

SKY COVER
POSSIBLE SUNSHINE (PERCENT)   MM
AVERAGE SKY COVER           0.20
NUMBER OF DAYS FAIR           25
NUMBER OF DAYS PC              6
NUMBER OF DAYS CLOUDY          0

AVERAGE RH (PERCENT)     60

WEATHER CONDITIONS. NUMBER OF DAYS WITH
THUNDERSTORM              0     MIXED PRECIP               0
HEAVY RAIN                0     RAIN                       0
LIGHT RAIN                0     FREEZING RAIN              0
LT FREEZING RAIN          0     HAIL                       0
HEAVY SNOW                0     SNOW                       0
LIGHT SNOW                0     SLEET                      0
FOG                      13     FOG W/VIS <= 1/4 MILE      2
HAZE                      9

-  INDICATES NEGATIVE NUMBERS.
R  INDICATES RECORD WAS SET OR TIED.
MM INDICATES DATA IS MISSING.
T  INDICATES TRACE AMOUNT.

$$
