794
CXUS56 KSGX 011730
CLMSAN


CLIMATE REPORT
NATIONAL WEATHER SERVICE SAN DIEGO, CA
1030 AM PDT SAT JUL 1 2017

...................................

...THE SAN DIEGO/LINDBERGH FIELD CA CLIMATE SUMMARY FOR THE MONTH OF JUNE 2017...

CLIMATE NORMAL PERIOD 1981 TO 2010
CLIMATE RECORD PERIOD 1874 TO 2017

WEATHER         OBSERVED          NORMAL  DEPART  LAST YEAR`S
                 VALUE   DATE(S)  VALUE   FROM    VALUE  DATE(S)
                                          NORMAL
................................................................
TEMPERATURE (F)
RECORD
 HIGH             101   06/10/1979
 LOW               50   06/14/1943
                        06/04/1908
                        06/13/1894
HIGHEST            83   06/26        72      11       88  06/19
                        06/16
LOWEST             58   06/10        62      -4       61  06/01
AVG. MAXIMUM     73.2              70.8     2.4     73.6
AVG. MINIMUM     62.2              62.0     0.2     64.2
MEAN             67.7              66.4     1.3     68.9
DAYS MAX >= 90      0               0.1    -0.1        0
DAYS MAX <= 32      0               0.0     0.0        0
DAYS MAX >= 100     0                                  0
DAYS MIN <= 32      0               0.0     0.0        0

PRECIPITATION (INCHES)
RECORD
 MAXIMUM         0.87   1990
 MINIMUM         0.00   2014
                        2013
                        2007
TOTALS           0.02              0.07   -0.05        T
DAILY AVG.       0.00              0.00    0.00        T
DAYS >= .01         1               0.8     0.2        0
DAYS >= .10         0               0.2    -0.2        0
DAYS >= .50         0               0.0     0.0        0
DAYS >= 1.00        0               0.0     0.0        0
DAYS >= 1.50        0                                  0
DAYS >= 2.00        0                                  0
GREATEST
 24 HR. TOTAL    0.02   06/11 TO 06/11           06/10 TO 06/10
                                                          06/30 TO 06/30
                                                          06/30 TO 06/30
 STORM TOTAL       MM                                 MM
 (MM/DD(HH))            MM                    06/10(00) TO 06/10(00)
                                                 06/30(00) TO 06/30(00)0
                                                 06/30(00) TO 06/30(00)0

DEGREE_DAYS
HEATING TOTAL       9                18      -9        0
 SINCE 7/1        736              1225    -489      648
COOLING TOTAL      98                60      38      125
 SINCE 1/1        190               109      81      243

FREEZE DATES
RECORD
 EARLIEST     MM
 LATEST       MM
EARLIEST                        MM
LATEST                          MM
.................................................

WIND (MPH)
AVERAGE WIND SPEED              6.7
RESULTANT WIND SPEED/DIRECTION   4/264
HIGHEST WIND SPEED/DIRECTION    17/300    DATE  06/08
HIGHEST GUST SPEED/DIRECTION    23/270    DATE  06/12

SKY COVER
POSSIBLE SUNSHINE (PERCENT)   MM
AVERAGE SKY COVER           0.60
NUMBER OF DAYS FAIR            6
NUMBER OF DAYS PC             10
NUMBER OF DAYS CLOUDY         14

AVERAGE RH (PERCENT)     76

WEATHER CONDITIONS. NUMBER OF DAYS WITH
THUNDERSTORM              0     MIXED PRECIP               0
HEAVY RAIN                0     RAIN                       0
LIGHT RAIN                3     FREEZING RAIN              0
LT FREEZING RAIN          0     HAIL                       0
HEAVY SNOW                0     SNOW                       0
LIGHT SNOW                0     SLEET                      0
FOG                      17     FOG W/VIS <= 1/4 MILE      0
HAZE                      9

-  INDICATES NEGATIVE NUMBERS.
R  INDICATES RECORD WAS SET OR TIED.
MM INDICATES DATA IS MISSING.
T  INDICATES TRACE AMOUNT.

$$
