000
CXUS54 KEWX 011911
CLMSAT

CLIMATE REPORT
NATIONAL WEATHER SERVICE AUSTIN/SAN ANTONIO, TX
155 PM CDT THU SEP 1 2016

...................................

...THE SAN ANTONIO CLIMATE SUMMARY FOR THE MONTH OF AUGUST 2016...

CLIMATE NORMAL PERIOD 1981 TO 2010
CLIMATE RECORD PERIOD 1886 TO 2016

WEATHER         OBSERVED          NORMAL  DEPART  LAST YEAR`S
                 VALUE   DATE(S)  VALUE   FROM    VALUE  DATE(S)
                                          NORMAL
................................................................
TEMPERATURE (F)
HIGHEST           102   08/12                        104  08/11
LOWEST             71   08/15                         71  08/29
AVG. MAXIMUM     92.2              96.0    -3.8     98.1
AVG. MINIMUM     75.6              74.7     0.9     76.6
MEAN             83.9              85.3    -1.4     87.4
DAYS MAX >= 90     22                                 30
DAYS MAX <= 32      0                                  0
DAYS MIN <= 32      0                                  0
DAYS MIN <= 0       0                                  0

PRECIPITATION (INCHES)
TOTALS           4.91              2.09    2.82     0.29
DAILY AVG.       0.16              0.07    0.09     0.01
DAYS >= .01        11                                  3
DAYS >= .10         8                                  1
DAYS >= .50         5                                  0
DAYS >= 1.00        1                                  0
GREATEST
 24 HR. TOTAL    1.87   08/14 TO 08/15

SNOWFALL (INCHES)
TOTALS            0.0               0.0     0.0      0.0
SINCE 7/1         0.0               0.0     0.0      0.0

DEGREE_DAYS
HEATING TOTAL       0                 0       0        0
 SINCE 7/1          0                 0       0        0
COOLING TOTAL     593               631     -38      700
 SINCE 1/1       2426              2391      35     2498
.................................................................

WIND (MPH)
AVERAGE WIND SPEED              8.4
HIGHEST WIND SPEED/DIRECTION    26/130    DATE  08/18
HIGHEST GUST SPEED/DIRECTION    32/140    DATE  08/18

SKY COVER
POSSIBLE SUNSHINE (PERCENT)   MM
AVERAGE SKY COVER           0.60
NUMBER OF DAYS FAIR            5
NUMBER OF DAYS PC             17
NUMBER OF DAYS CLOUDY          9

AVERAGE RH (PERCENT)     70

WEATHER CONDITIONS. NUMBER OF DAYS WITH
THUNDERSTORM              0     MIXED PRECIP               0
HEAVY RAIN                6     RAIN                       6
LIGHT RAIN               13     FREEZING RAIN              0
LT FREEZING RAIN          0     HAIL                       0
HEAVY SNOW                0     SNOW                       0
LIGHT SNOW                0     SLEET                      0
FOG                      10     FOG W/VIS <= 1/4 MILE      1
HAZE                      2

-  INDICATES NEGATIVE NUMBERS.
R  INDICATES RECORD WAS SET OR TIED.
MM INDICATES DATA IS MISSING.
T  INDICATES TRACE AMOUNT.

&&

MONTHLY CLIMATE SUMMARY:
AUGUST 2016 WAS THE 47TH COOLEST AND THE 20TH WETTEST AUGUST
SINCE RECORD KEEPING BEGAN.

SEA LEVEL PRESSURE DATA:
HIGHEST SLP 30.11 ON 23RD
LOWEST  SLP 29.68 ON 12TH

PRELIMINARY LOCAL CLIMATOLOGICAL DATA (WS FORM: F-6)

                                          STATION:   SAN ANTONIO
                                          MONTH:     AUGUST
                                          YEAR:      2016
                                          LATITUDE:   29 31 N
                                          LONGITUDE:  98 28 W

  TEMPERATURE IN F:       :PCPN:    SNOW:  WIND      :SUNSHINE: SKY     :PK WND
================================================================================
1   2   3   4   5  6A  6B    7    8   9   10  11  12  13   14  15   16   17  18
                                     12Z  AVG MX 2MIN
DY MAX MIN AVG DEP HDD CDD  WTR  SNW DPTH SPD SPD DIR MIN PSBL S-S WX    SPD DR
================================================================================

 1  98  75  87   1   0  22 0.00  0.0    0 11.8 21 150   M    M   3        25 150
 2  97  76  87   1   0  22 0.00  0.0    0 10.4 20 160   M    M   3        25 140
 3  96  76  86   0   0  21 0.00  0.0    0  8.0 18 140   M    M   2        23 140
 4  98  76  87   1   0  22 0.00  0.0    0 10.2 21 130   M    M   3        24 130
 5  96  78  87   1   0  22 0.00  0.0    0  8.5 20 150   M    M   5        23 150
 6  98  78  88   2   0  23 0.00  0.0    0  8.2 21 150   M    M   4        26 160
 7  98  79  89   3   0  24 0.00  0.0    0 10.7 21 140   M    M   4        25 140
 8  98  78  88   2   0  23 0.00  0.0    0  9.5 21 140   M    M   4        26 140
 9  99  79  89   3   0  24 0.00  0.0    0 10.8 20 140   M    M   5        25 140
10 100  79  90   4   0  25 0.00  0.0    0 11.0 23 140   M    M   5        28 140
11 100  80  90   4   0  25 0.00  0.0    0 10.1 24 140   M    M   5        28 150
12 102  79  91   5   0  26    T  0.0    0  8.1 22 340   M    M   6        28 330
13  89  76  83  -3   0  18 0.12  0.0    0  4.8 13 140   M    M   7 1      15  10
14  85  73  79  -7   0  14 0.54  0.0    0  5.7 17  30   M    M   9 1      23  40
15  76  71  74 -12   0   9 1.42  0.0    0  5.1  9  70   M    M  10 1      12  70
16  87  73  80  -6   0  15 0.55  0.0    0  5.4 17 100   M    M   9 1      21 110
17  85  75  80  -6   0  15 0.20  0.0    0  6.3 24 130   M    M   9 1      29 120
18  91  74  83  -3   0  18 0.01  0.0    0  7.9 26 130   M    M   9 138    32 140
19  93  77  85  -1   0  20 0.00  0.0    0 11.4 21 140   M    M   8        26 140
20  84  74  79  -7   0  14 0.89  0.0    0  8.0 20 160   M    M   9 13     24 180
21  82  72  77  -8   0  12 0.63  0.0    0  6.8 15 100   M    M   9 13     18 100
22  91  73  82  -3   0  17 0.47  0.0    0  9.2 20 150   M    M   7 123    24 160
23  92  78  85   0   0  20 0.00  0.0    0 13.8 22 170   M    M   5        27 160
24  91  76  84  -1   0  19 0.00  0.0    0 11.8 17 130   M    M   5        24 160
25  91  76  84  -1   0  19 0.00  0.0    M  8.6 16 110   M    M   4        20 170
26  91  76  84  -1   0  19 0.00  0.0    0  6.5 22 130   M    M   7        26 130
27  91  74  83  -2   0  18 0.00  0.0    0  4.1 13 120   M    M   5        15 110
28  90  74  82  -2   0  17 0.03  0.0    0  6.7 20  60   M    M   3        26  50
29  89  72  81  -3   0  16 0.05  0.0    0  8.4 24 100   M    M   7 138    31  80
30  86  74  80  -4   0  15    T  0.0    0  6.9 17  40   M    M   8        23  60
31  93  74  84   0   0  19    T  0.0    0  5.4 21  70   M    M   5 3      24  80
================================================================================
SM 2857 2345         0 593  4.91     0.0 260.1          M      184
================================================================================
AV 92.2 75.6                               8.4 FASTST   M    M   6    MAX(MPH)
                                 MISC ---->  # 26 130               # 32  140
================================================================================
NOTES:
# LAST OF SEVERAL OCCURRENCES

COLUMN 17 PEAK WIND IN M.P.H.

SYMBOLS USED IN COLUMN 16
1 = FOG OR MIST
2 = FOG REDUCING VISIBILITY
3 = THUNDER
4 = ICE PELLETS
5 = HAIL
6 = FREEZING RAIN OR DRIZZLE
7 = DUSTSTORM OR SANDSTORM:
8 = SMOKE OR HAZE
9 = BLOWING SNOW
X = TORNADO

$$
