000
CXUS53 KIWX 011621 CCA
CLMSBN

CLIMATE REPORT...CORRECTED
NATIONAL WEATHER SERVICE NORTHERN INDIANA
1112 AM EST THU DEC 1 2016

...................................

...THE SOUTH BEND CLIMATE SUMMARY FOR THE MONTH OF NOVEMBER 2016...

CLIMATE NORMAL PERIOD 1981 TO 2010
CLIMATE RECORD PERIOD 1893 TO 2016

WEATHER         OBSERVED          NORMAL  DEPART  LAST YEAR`S
                 VALUE   DATE(S)  VALUE   FROM    VALUE  DATE(S)
                                          NORMAL
................................................................
TEMPERATURE (F)
RECORD
 HIGH              82   11/01/1950
 LOW               -7   11/25/1950
HIGHEST            77   11/01        MM      MM       75  11/04
LOWEST             24   11/12        MM      MM       11  11/22
AVG. MAXIMUM     54.6              48.2     6.4     54.2
AVG. MINIMUM     36.9              33.3     3.6     34.8
MEAN             45.8              40.7     5.1
DAYS MAX >= 90      0               0.0     0.0        0
DAYS MAX <= 32      0               1.9    -1.9        1
DAYS MIN <= 32      8              13.6    -5.6       13
DAYS MIN <= 0       0               0.0     0.0        0

PRECIPITATION (INCHES)
RECORD
 MAXIMUM         6.72   1985
 MINIMUM         0.26   2012
TOTALS           2.98              3.27   -0.29     2.38
DAILY AVG.       0.10              0.11   -0.01     0.08
DAYS >= .01         8              13.4    -5.4       11
DAYS >= .10         5               7.0    -2.0        5
DAYS >= .50         3               2.0     1.0        2
DAYS >= 1.00        0               0.6    -0.6        0
GREATEST
 24 HR. TOTAL    0.88   11/23 TO 11/23

SNOWFALL (INCHES)
RECORDS
 TOTAL           30.3   1977
TOTALS            0.5               4.8    -4.3      9.1
SINCE 7/1         0.5               5.2    -4.7      9.1
SNOWDEPTH AVG.      0                MM      MM        1
DAYS >= 1.0         0               1.7    -1.7        1
GREATEST
 SNOW DEPTH         0   MM
 24 HR TOTAL      0.5   11/19 TO 11/19

DEGREE_DAYS
HEATING TOTAL     569               728    -159      608
 SINCE 7/1        901              1269    -368     1067
COOLING TOTAL       1                 0       1        0
 SINCE 1/1        950               773     177      784
.................................................................

WIND (MPH)
AVERAGE WIND SPEED              7.9
HIGHEST WIND SPEED/DIRECTION    28/220    DATE  11/29
HIGHEST GUST SPEED/DIRECTION    35/200    DATE  11/29

SKY COVER
POSSIBLE SUNSHINE (PERCENT)   MM
AVERAGE SKY COVER           0.30
NUMBER OF DAYS FAIR           13
NUMBER OF DAYS PC              4
NUMBER OF DAYS CLOUDY          3

AVERAGE RH (PERCENT)     74

WEATHER CONDITIONS. NUMBER OF DAYS WITH
THUNDERSTORM              1     MIXED PRECIP               0
HEAVY RAIN                1     RAIN                       6
LIGHT RAIN                7     FREEZING RAIN              0
LT FREEZING RAIN          0     HAIL                       0
HEAVY SNOW                0     SNOW                       1
LIGHT SNOW                2     SLEET                      0
FOG                      14     FOG W/VIS <= 1/4 MILE      0
HAZE                      4

-  INDICATES NEGATIVE NUMBERS.
R  INDICATES RECORD WAS SET OR TIED.
MM INDICATES DATA IS MISSING.
T  INDICATES TRACE AMOUNT.

&&

IT WAS A RELATIVELY QUIET BUT WARM NOVEMBER WITH NEAR NORMAL
PRECIPITATION IN THE SOUTH BEND AREA. THE SEASONS FIRST SNOWFALL
OCCURRED MID MONTH BUT MEASURABLE SNOW WAS RECORDED ON JUST ONE DAY
AND MONTHLY SNOWFALL WAS BELOW NORMAL. THE AREA ALSO EXPERIENCED ONE
DAY OF SEVERE WEATHER ON THE 18TH WITH TREES AND POWER LINES BEING
KNOCKED DOWN ACROSS THE REGION.

TEMPERATURES REACHED 70 DEGREES OR WARMER ON 4 DAYS AND 60 DEGREES
OR WARMER ON 11 DAYS...ALL COMING BEFORE THE 19TH. A STRONG COLD
FRONT PUSHED THROUGH THE REGION LATE ON THE 18TH AND GENERATED
STRONG TO SEVERE THUNDERSTORMS AND LOCALLY HEAVY RAINFALL. THE FIRST
GOOD SHOT OF COLD AIR FOLLOWED WITH LIGHT SNOW...PRIMARILY LAKE
EFFECT...OCCURRING ON THE 19TH. THIS COLD AIR WAS SHORT LIVED AND
TEMPERATURES WERE GENERALLY NEAR NORMAL TO SLIGHTLY ABOVE NORMAL FOR
THE REMAINDER OF THE MONTH.

THE AVERAGE TEMPERATURE FOR THE MONTH WAS 45.8 DEGREES...5.1 DEGREES
ABOVE NORMAL. THIS RANKED AS THE 9TH WARMEST NOVEMBER ON RECORD.
THIS WAS ALSO THE WARMEST NOVEMBER SINCE 2001 WHICH WAS THE SECOND
WARMEST NOVEMBER ON RECORD. HOWEVER...NOVEMBER 2015 WAS THE 13TH
WARMEST NOVEMBER ON RECORD WITH AN AVERAGE TEMPERATURE OF 44.5.

A TOTAL OF 2.38 INCHES OF PRECIPITATION WAS MEASURED...THIS WAS 0.29
INCHES BELOW NORMAL. THIS RANKED AS THE 73RD DRIEST NOVEMBER. THERE
WERE JUST 8 DAYS IN THE MONTH WITH MEASURABLE PRECIPITATION AND 3 OF
THESE DAYS HAD MORE THAN A HALF INCH. THE GREATEST 24HR
PRECIPITATION WAS 0.88 INCHES ON THE 23RD.

THE FIRST OFFICIAL MEASURABLE SNOWFALL OCCURRED ON NOVEMBER 19TH
WITH A HALF INCH BEING MEASURED. THIS WAS THE ONLY DAY WITH
MEASURABLE SNOW AND LEFT THE MONTHLY TOTAL 4.3 INCHES BELOW NORMAL.
THIS RANKED AS THE 13TH LEAST SNOWIEST NOVEMBER ON RECORD.

UNFORTUNATELY A PROLONGED SYSTEM OUTAGE PREVENTED THE AUTOMATED
SURFACE OBSERVING SYSTEM FROM RECORDING AND TRANSMITTING WEATHER
OBSERVATIONS FROM THE 16TH THROUGH THE 28TH AT SOUTH BEND.
TEMPERATURE DATA DURING THIS PERIOD WAS TAKEN FROM A NEARBY
COOPERATIVE WEATHER OBSERVATION LOCATION IN NILES MICHIGAN.
PRECIPITATION AND SNOWFALL DATA WAS USED FROM THE SNOW PAID
OBSERVERS IN SOUTH BEND.

$$
CORRECTED FOR TYPOS IN SUMMARY MESSAGE
LASHLEY
