000
CXUS46 KLOX 011819
CLMSDB


CLIMATE REPORT
NATIONAL WEATHER SERVICE LOS ANGELES/OXNARD CA
1019 AM PST WED MAR 1 2017

...................................

...THE SANDBERG CA CLIMATE SUMMARY FOR THE MONTH OF FEBRUARY 2017...

CLIMATE NORMAL PERIOD 1981 TO 2010
CLIMATE RECORD PERIOD 1934 TO 2017

WEATHER         OBSERVED          NORMAL  DEPART  LAST YEAR`S
                 VALUE   DATE(S)  VALUE   FROM    VALUE
                                          NORMAL
.............................................................
TEMPERATURE (F)
HIGHEST            69   02/09
LOWEST             29   02/24
                        02/23
AVG. MAXIMUM     52.6              49.7     2.9
AVG. MINIMUM     40.4              37.9     2.5
MEAN             46.5              43.8     2.7
DAYS MAX >= 90      0
DAYS MAX <= 32      0
DAYS MIN <= 32      4
DAYS MIN <= 0       0

PRECIPITATION (INCHES)
TOTALS           5.24              3.24    2.00
DAILY AVG.       0.19
DAYS >= .01        13
DAYS >= .10         6
DAYS >= .50         1
DAYS >= 1.00        1
GREATEST
 24 HR. TOTAL    4.02   02/17 TO 02/18

DEGREE_DAYS
HEATING TOTAL     510               594     -84      328
 SINCE 7/1       2257              2759    -502     2260
COOLING TOTAL       0                 0       0        0
 SINCE 1/1          0                 0       0        0
..............................................................

WIND (MPH)
AVERAGE WIND SPEED              14.6
HIGHEST WIND SPEED/DIRECTION    54/180    DATE  02/17
HIGHEST GUST SPEED/DIRECTION    71/170    DATE  02/17

SKY COVER
POSSIBLE SUNSHINE (PERCENT)   MM
AVERAGE SKY COVER           0.50
NUMBER OF DAYS FAIR           12
NUMBER OF DAYS PC              4
NUMBER OF DAYS CLOUDY         12

AVERAGE RH (PERCENT)     71

WEATHER CONDITIONS. NUMBER OF DAYS WITH
THUNDERSTORM              0     MIXED PRECIP               0
HEAVY RAIN                2     RAIN                       3
LIGHT RAIN               13     FREEZING RAIN              0
LT FREEZING RAIN          0     HAIL                       0
HEAVY SNOW                0     SNOW                       1
LIGHT SNOW                3     SLEET                      0
FOG                      22     FOG W/VIS <= 1/4 MILE     20
HAZE                      3

-  INDICATES NEGATIVE NUMBERS.
R  INDICATES RECORD WAS SET OR TIED.
MM INDICATES DATA IS MISSING.
T  INDICATES TRACE AMOUNT.

$$
