000
CXAK58 PASN 020253
CLMSNP


CLIMATE REPORT
NATIONAL WEATHER SERVICE ANCHORAGE, AK
550 PM AKST THU DEC 1 2016

...................................

...THE SAINT PAUL ISLAND CLIMATE SUMMARY FOR THE MONTH OF NOVEMBER 2016...

CLIMATE NORMAL PERIOD 1981 TO 2010
CLIMATE RECORD PERIOD 1892 TO 2016

WEATHER         OBSERVED          NORMAL  DEPART  LAST YEAR`S
                 VALUE   DATE(S)  VALUE   FROM    VALUE  DATE(S)
                                          NORMAL
................................................................
TEMPERATURE (F)
RECORD
 HIGH              48   11/09/1979
                        11/07/1979
                        11/06/1979
 LOW                4   11/26/2008
                        11/26/1988
HIGHEST            44                MM      MM       MM
LOWEST             14                MM      MM       MM
AVG. MAXIMUM     38.5              36.9     1.6       MM
AVG. MINIMUM     29.5              29.1     0.4       MM
MEAN             34.0              33.0     1.0       MM
DAYS MAX >= 90      0               0.0     0.0       MM
DAYS MAX <= 32      2               4.7    -2.7       MM
DAYS MIN <= 32     22              19.0     3.0       MM
DAYS MIN <= 0       0               0.0     0.0       MM

PRECIPITATION (INCHES)
RECORD
 MAXIMUM           MM   MM
 MINIMUM           MM   MM
TOTALS           3.59              2.89    0.70       MM
DAILY AVG.       0.12              0.10    0.02       MM
DAYS >= .01        24              23.4     0.6       MM
DAYS >= .10        17               9.1     7.9       MM
DAYS >= .50         0               0.8    -0.8       MM
DAYS >= 1.00        0               0.1    -0.1       MM
GREATEST
 24 HR. TOTAL    0.51   11/07 TO 11/08                MM
 STORM TOTAL       MM                                 MM
 (MM/DD(HH))            MM                                MM

SNOWFALL (INCHES)
RECORDS
 TOTAL             MM   MM
 24 HR TOTAL       MM
 SNOW DEPTH        MM   MM
TOTALS            6.6               8.3    -1.7       MM
SINCE 7/1         6.6              10.3    -3.7       MM
SNOWDEPTH AVG.      0                 2      -2       MM
DAYS >= TRACE      20              12.8     7.2       MM
DAYS >= 1.0         3               2.8     0.2
GREATEST
 SNOW DEPTH         2   11/11                         MM  MM
 24 HR TOTAL      1.8   MM                            MM
 STORM TOTAL       MM                                 MM
 (MM/DD(HH))            MM

DEGREE_DAYS
HEATING TOTAL     921               960     -39       MM
 SINCE 7/1       2569              3421    -852       MM
COOLING TOTAL       0                 0       0       MM
 SINCE 1/1          0                 0       0       MM

FREEZE DATES
RECORD
 EARLIEST     MM
 LATEST       MM
EARLIEST                        MM
LATEST                          MM
.................................................................

WIND (MPH)
AVERAGE WIND SPEED              19.3
RESULTANT WIND SPEED/DIRECTION   6/038
HIGHEST WIND SPEED/DIRECTION    45/360    DATE  11/13
HIGHEST GUST SPEED/DIRECTION    58/270    DATE  11/24

SKY COVER
POSSIBLE SUNSHINE (PERCENT)   MM
AVERAGE SKY COVER           0.80
NUMBER OF DAYS FAIR            1
NUMBER OF DAYS PC             13
NUMBER OF DAYS CLOUDY         16

AVERAGE RH (PERCENT)     80

WEATHER CONDITIONS. NUMBER OF DAYS WITH
THUNDERSTORM              0     MIXED PRECIP               0
HEAVY RAIN                0     RAIN                      11
LIGHT RAIN               22     FREEZING RAIN              0
LT FREEZING RAIN          1     HAIL                       6
HEAVY SNOW                0     SNOW                      11
LIGHT SNOW               20     SLEET                      2
FOG                      21     FOG W/VIS <= 1/4 MILE      1
HAZE                      6

-  INDICATES NEGATIVE NUMBERS.
R  INDICATES RECORD WAS SET OR TIED.
MM INDICATES DATA IS MISSING.
T  INDICATES TRACE AMOUNT.

$$
