000
CXUS56 KMTR 021737
CLMSNS


CLIMATE REPORT
NATIONAL WEATHER SERVICE SAN FRANCISCO BAY AREA
937 AM PST SAT DEC 2 2017

...................................

...THE SALINAS AIRPORT CLIMATE SUMMARY FOR THE MONTH OF NOVEMBER 2017...

CLIMATE NORMAL PERIOD 1981 TO 2010
CLIMATE RECORD PERIOD 1930 TO 2017

WEATHER         OBSERVED          NORMAL  DEPART  LAST YEAR`S
                 VALUE   DATE(S)  VALUE   FROM    VALUE  DATE(S)
                                          NORMAL
................................................................
TEMPERATURE (F)
RECORD
 HIGH              96   11/05/2012
 LOW               25   11/12/1938
                        11/22/1931
HIGHEST            86   11/22                         87  11/10
LOWEST             38   11/19                         37  11/30
                        11/18                             11/29
                                                          11/25
AVG. MAXIMUM     70.1              66.7     3.4     68.6
AVG. MINIMUM     47.0              44.6     2.4     46.2
MEAN             58.5              55.7     2.8     57.4
DAYS MAX >= 90      0                                  0
DAYS MAX <= 32      0                                  0
DAYS MIN <= 32      0                                  0
DAYS MIN <= 0       0                                  0

PRECIPITATION (INCHES)
RECORD
 MAXIMUM           MM   MM
 MINIMUM           MM   MM
TOTALS           0.62              1.40   -0.78     0.95
DAILY AVG.       0.02                               0.03
DAYS >= .01         5                                  6
DAYS >= .10         2                                  3
DAYS >= .50         0                                  0
DAYS >= 1.00        0                                  0
GREATEST
 24 HR. TOTAL    0.34   11/27 TO 11/27           11/26 TO 11/27
                                                          11/30 TO 11/30
                                                          11/30 TO 11/30

DEGREE_DAYS
HEATING TOTAL     195               284     -89      233
 SINCE 7/1        436               618    -182      570
COOLING TOTAL      10                 3       7       11
 SINCE 1/1        283               130     153      113
.................................................

WIND (MPH)
AVERAGE WIND SPEED              6.1
RESULTANT WIND SPEED/DIRECTION   1/134
HIGHEST WIND SPEED/DIRECTION    29/110    DATE  11/16
HIGHEST GUST SPEED/DIRECTION    32/110    DATE  11/16

SKY COVER
POSSIBLE SUNSHINE (PERCENT)   MM
AVERAGE SKY COVER           0.30
NUMBER OF DAYS FAIR           19
NUMBER OF DAYS PC              8
NUMBER OF DAYS CLOUDY          3

AVERAGE RH (PERCENT)     70

WEATHER CONDITIONS. NUMBER OF DAYS WITH
THUNDERSTORM              0     MIXED PRECIP               0
HEAVY RAIN                2     RAIN                       1
LIGHT RAIN               11     FREEZING RAIN              0
LT FREEZING RAIN          0     HAIL                       0
HEAVY SNOW                0     SNOW                       0
LIGHT SNOW                0     SLEET                      0
FOG                      10     FOG W/VIS <= 1/4 MILE      1
HAZE                      1

-  INDICATES NEGATIVE NUMBERS.
R  INDICATES RECORD WAS SET OR TIED.
MM INDICATES DATA IS MISSING.
T  INDICATES TRACE AMOUNT.

$$
