000
CXUS53 KLSX 021811 CCA
CLMSTL

CLIMATE REPORT
NATIONAL WEATHER SERVICE ST LOUIS MO
254 PM CDT MON AUG 1 2016

...................................

...THE ST. LOUIS MO CLIMATE SUMMARY FOR THE MONTH OF JULY 2016...

CLIMATE NORMAL PERIOD 1981 TO 2010
CLIMATE RECORD PERIOD 1874 TO 2016

WEATHER         OBSERVED          NORMAL  DEPART  LAST YEAR`S
                 VALUE   DATE(S)  VALUE   FROM    VALUE
                                          NORMAL
.............................................................
TEMPERATURE (F)
RECORD
 HIGH             115   07/14/1954
 LOW               51   07/06/1972
                        07/14/1967
                        07/27/1962
HIGHEST           101   07/24                        100
LOWEST             61   07/03                         60
AVG. MAXIMUM     90.0              89.1     0.9     88.9
AVG. MINIMUM     73.1              71.0     2.1     72.2
MEAN             81.5              80.0     1.5     80.5
DAYS MAX >= 90     18              13.9     4.1       16
DAYS MAX <= 32      0               0.0     0.0        0
DAYS MIN <= 32      0               0.0     0.0        0
DAYS MIN <= 0       0               0.0     0.0        0

PRECIPITATION (INCHES)
RECORD
 MAXIMUM        12.69   1948
 MINIMUM         0.37   1890
TOTALS           8.37              4.11    4.26     4.13
DAILY AVG.       0.27              0.13    0.14     0.13
DAYS >= .01        16               8.9     7.1       10
DAYS >= .10        13               5.8     7.2        7
DAYS >= .50         7               2.6     4.4        4
DAYS >= 1.00        3               1.2     1.8        1
GREATEST
 24 HR. TOTAL    1.91   07/10

DEGREE_DAYS
HEATING TOTAL       0                 0       0        0
 SINCE 7/1          0                 0       0        0
COOLING TOTAL     522               467      55      490
 SINCE 1/1       1211               975     236     1104
..............................................................

WIND (MPH)
HIGHEST WIND SPEED/DIRECTION    40/360    DATE  07/19
HIGHEST GUST SPEED/DIRECTION    53/110    DATE  07/10

SKY COVER
NUMBER OF DAYS FAIR            4
NUMBER OF DAYS PC             22
NUMBER OF DAYS CLOUDY          5


WEATHER CONDITIONS. NUMBER OF DAYS WITH
THUNDERSTORM             15     MIXED PRECIP               0
HEAVY RAIN                9     RAIN                       7
LIGHT RAIN               18     FREEZING RAIN              0
LT FREEZING RAIN          0     HAIL                       1
HEAVY SNOW                0     SNOW                       0
LIGHT SNOW                0     SLEET                      0
FOG                      12     FOG W/VIS <= 1/4 MILE      1
HAZE                      3

-  INDICATES NEGATIVE NUMBERS.
R  INDICATES RECORD WAS SET OR TIED.
MM INDICATES DATA IS MISSING.
T  INDICATES TRACE AMOUNT.



...MONTHLY...

2ND MOST CONSECUTIVE DAYS OF A MINIMUM TEMPERATURE OF AT LEAST 70 DEGREES (28 DAYS).

4TH WETTEST JULY ON RECORD.(8.37 INCHES)

TIED THIRD MOST OCCURENCES OF MEASURABLE RAINFALL (16 DAYS).

2ND MOST OCCURENCES OF AT LEAST A HALF INCH OF RAINFALL (7 DAYS).

...DAILY...

RECORD LOW MAXIMUM TEMPERATURE OF 72 DEGREES ON 7/3...TIED WITH 1924.

$$
