000
CXUS46 KSTO 040028
CLMSTO

CLIMATE REPORT
NATIONAL WEATHER SERVICE SACRAMENTO, CA
523 PM PDT FRI NOV 3 2017

...................................

...THE SACRAMENTO CITY CLIMATE SUMMARY FOR THE MONTH OF OCTOBER 2017...

CLIMATE NORMAL PERIOD 1981 TO 2010
CLIMATE RECORD PERIOD 1849 TO 2017

WEATHER         OBSERVED          NORMAL  DEPART  LAST YEAR`S
                 VALUE   DATE(S)  VALUE   FROM    VALUE
                                          NORMAL
.............................................................
TEMPERATURE (F)
RECORD
 HIGH             102   10/02/2001
                        10/04/1987
                        10/03/1987
 LOW               34   10/28/1946
                        10/30/1935
HIGHEST            87   10/26        MM      MM
                        10/25
                        10/24
LOWEST             44   10/13        MM      MM
AVG. MAXIMUM     80.2              77.9     2.3
AVG. MINIMUM     51.4              52.8    -1.4
MEAN             65.8              65.4     0.4
DAYS MAX >= 90      0               2.6    -2.6
DAYS MAX <= 32      0               0.0     0.0
DAYS MIN <= 32      0               0.0     0.0
DAYS MIN <= 0       0               0.0     0.0

PRECIPITATION (INCHES)
RECORD
 MAXIMUM           MM   MM
 MINIMUM           MM   MM
TOTALS           0.14              1.05   -0.91     4.41
DAYS >= .01         2
DAYS >= .10         0
DAYS >= .50         0
DAYS >= 1.00        0

SNOWFALL (INCHES)
RECORDS
 TOTAL             MM   MM
 24 HR TOTAL       MM
TOTALS            0.0               0.0     0.0
 LIQUID EQUIV    0.00              0.00    0.00
SINCE 7/1         0.0               0.0     0.0
 LIQUID 7/1      0.00
DAYS >= TRACE       0               0.0     0.0
DAYS >= 1.0         0               0.0     0.0
GREATEST
 SNOW DEPTH         0   MM
 24 HR TOTAL      0.0   10/31 TO 10/31
 STORM TOTAL       MM
 (MM/DD(HH))            MM

DEGREE_DAYS
HEATING TOTAL      40                68     -28
 SINCE 7/1         41                75     -34
COOLING TOTAL      74                79      -5
 SINCE 1/1       1897              1467     430

FREEZE DATES
RECORD
 EARLIEST     MM
 LATEST       MM
EARLIEST                        MM
LATEST                          MM
..............................................................

WIND (MPH)
AVERAGE WIND SPEED              MM
HIGHEST WIND SPEED/DIRECTION    MM        DATE   MM
HIGHEST GUST SPEED/DIRECTION    MM        DATE   MM

SKY COVER
POSSIBLE SUNSHINE (PERCENT)   MM
AVERAGE SKY COVER             MM
NUMBER OF DAYS FAIR            0
NUMBER OF DAYS PC              0
NUMBER OF DAYS CLOUDY          0

AVERAGE RH (PERCENT)     MM

WEATHER CONDITIONS. NUMBER OF DAYS WITH
THUNDERSTORM              0     MIXED PRECIP               0
HEAVY RAIN                0     RAIN                       0
LIGHT RAIN                0     FREEZING RAIN              0
LT FREEZING RAIN          0     HAIL                       0
HEAVY SNOW                0     SNOW                       0
LIGHT SNOW                0     SLEET                      0
FOG                       0     FOG W/VIS <= 1/4 MILE      0
HAZE                      0

-  INDICATES NEGATIVE NUMBERS.
R  INDICATES RECORD WAS SET OR TIED.
MM INDICATES DATA IS MISSING.
T  INDICATES TRACE AMOUNT.

$$
STOCLMSTO 000
TTAA00 KSTO 020149


CLIMATE REPORT
NATIONAL WEATHER SERVICE SACRAMENTO, CA
549 PM PST SUN JAN 1 2017

...................................

...THE SACRAMENTO CITY CLIMATE SUMMARY FOR THE YEAR OF 2016...

CLIMATE NORMAL PERIOD 1981 TO 2010
CLIMATE RECORD PERIOD 1849 TO 2016

WEATHER         OBSERVED          NORMAL  DEPART
                 VALUE   DATE(S)  VALUE   FROM
                                          NORMAL
................................................
TEMPERATURE (F)
RECORD
 HIGH             114   07/17/1925
 LOW               17   12/11/1932
HIGHEST           108   07/26        MM      MM
LOWEST             31   12/25        51     -20
                        12/18
                        12/19
AVG. MAXIMUM     77.0              74.5     2.5
AVG. MINIMUM     52.1              50.9     1.2
MEAN             64.6              62.7     1.9
DAYS MAX >= 90     99              74.4    24.6
DAYS MAX <= 32      0               0.0     0.0
DAYS MIN <= 32      5               5.1    -0.1
DAYS MIN <= 0       0               0.0     0.0

PRECIPITATION (INCHES)
RECORD
 MAXIMUM           MM   MM
 MINIMUM           MM   MM
TOTALS          22.86             20.27    2.59
DAILY AVG.       0.06              0.06    0.00
DAYS >= .01        73              63.8     9.2
DAYS >= .10        47              39.7     7.3
DAYS >= .50        17              14.5     2.5
DAYS >= 1.00        4               4.2    -0.2
GREATEST
 24 HR. TOTAL    2.28   MM
 STORM TOTAL       MM
 (MM/DD(HH))            MM

.................................................



-  INDICATES NEGATIVE NUMBERS.
R  INDICATES RECORD WAS SET OR TIED.
MM INDICATES DATA IS MISSING.
T  INDICATES TRACE AMOUNT.

$$
