000
CXUS51 KBGM 032131 CCA
CLMSYR

CLIMATE REPORT...CORRECTED
NATIONAL WEATHER SERVICE BINGHAMTON NY
429 PM EST WED JAN 3 2018

...................................

...THE SYRACUSE NY CLIMATE SUMMARY FOR THE MONTH OF DECEMBER 2017...

CLIMATE NORMAL PERIOD 1981 TO 2010
CLIMATE RECORD PERIOD 1902 TO 2017

WEATHER         OBSERVED          NORMAL  DEPART  LAST YEAR`S
                 VALUE   DATE(S)  VALUE   FROM    VALUE  DATE(S)
                                          NORMAL
................................................................
TEMPERATURE (F)
RECORD
 HIGH              72   12/06/2001
 LOW              -22   12/25/1980
HIGHEST            54   12/05        35      19       54  12/01
LOWEST             -8   12/28        21     -29       -2  12/16
AVG. MAXIMUM     30.6              36.4    -5.8     36.2
AVG. MINIMUM     17.6              22.4    -4.8     23.0
MEAN             24.1              29.4    -5.3     29.6
DAYS MAX >= 90      0               0.0     0.0        0
DAYS MAX <= 32     15              10.5     4.5        8
DAYS MIN <= 32     28              25.2     2.8       27
DAYS MIN <= 0       4               1.0     3.0        1

PRECIPITATION (INCHES)
RECORD
 MAXIMUM         7.57   2012
 MINIMUM         1.40   1999
TOTALS           2.34              3.22   -0.88     3.24
DAILY AVG.       0.08              0.10   -0.02     0.10
DAYS >= .01        19              18.6     0.4       23
DAYS >= .10         6               8.1    -2.1        9
DAYS >= .50         1               1.6    -0.6        1
DAYS >= 1.00        0               0.5    -0.5        0
GREATEST
 24 HR. TOTAL    0.59   12/23 TO 12/23

SNOWFALL (INCHES)
RECORDS
 TOTAL           72.8   2010
 24 HR TOTAL     18.6   12/30/1997 TO 12/30/1997
 SNOW DEPTH        23   12/28/1969
TOTALS           34.2              32.7     1.5     37.2
SINCE 7/1        39.4              42.6    -3.2     62.6
SNOWDEPTH AVG.      4                 4       0        3
DAYS >= TRACE      23              14.7     8.3       23
DAYS >= 1.0        12               8.1     3.9        9
GREATEST
 SNOW DEPTH        15   12/13                          7  12/19
 24 HR TOTAL      9.1   12/13 TO 12/14

DEGREE_DAYS
HEATING TOTAL    1261              1104     157     1091
 SINCE 7/1       2458              2453       5     2285
COOLING TOTAL       0                 0       0        0
 SINCE 1/1        562               569      -7      809
.................................................................

WIND (MPH)
AVERAGE WIND SPEED              9.5
RESULTANT WIND SPEED/DIRECTION   5/244
HIGHEST WIND SPEED/DIRECTION    38/260    DATE  12/25
HIGHEST GUST SPEED/DIRECTION    48/250    DATE  12/25

SKY COVER
POSSIBLE SUNSHINE (PERCENT)   MM
AVERAGE SKY COVER           0.80
NUMBER OF DAYS FAIR            0
NUMBER OF DAYS PC              8
NUMBER OF DAYS CLOUDY         23

AVERAGE RH (PERCENT)     80

WEATHER CONDITIONS. NUMBER OF DAYS WITH
THUNDERSTORM              0     MIXED PRECIP               0
HEAVY RAIN                1     RAIN                       1
LIGHT RAIN                5     FREEZING RAIN              0
LT FREEZING RAIN          3     HAIL                       0
HEAVY SNOW                1     SNOW                       5
LIGHT SNOW               23     SLEET                      0
FOG                      22     FOG W/VIS <= 1/4 MILE      0
HAZE                      3

-  INDICATES NEGATIVE NUMBERS.
R  INDICATES RECORD WAS SET OR TIED.
MM INDICATES DATA IS MISSING.
T  INDICATES TRACE AMOUNT.

&&
CORRECTED GREATEST 24 HOUR PRECIPITATION, GREATEST 24 HOUR SNOWFALL,
AND GREATEST SNOW DEPTH
CORRECTED TABLE AT BOTTOM OF FORM

$$
