000
CXUS55 KCYS 061359
CLMTOR


CLIMATE REPORT
NATIONAL WEATHER SERVICE CHEYENNE WY
658 AM MST TUE DEC 6 2016

...................................

...THE TORRINGTON WY AIRPORT CLIMATE SUMMARY FOR THE MONTH OF NOVEMBER 2016...

CLIMATE NORMAL PERIOD 1981 TO 2010
CLIMATE RECORD PERIOD 1998 TO 2016

WEATHER         OBSERVED          NORMAL  DEPART  LAST YEAR`S
                 VALUE   DATE(S)  VALUE   FROM    VALUE
                                          NORMAL
.............................................................
TEMPERATURE (F)
RECORD
 HIGH              80   11/02/2008
 LOW              -14   11/13/2014
HIGHEST            76   11/16        MM      MM       76
                        11/04
LOWEST             12   11/19        MM      MM        0
AVG. MAXIMUM     59.2              49.7     9.5     49.8
AVG. MINIMUM     25.8              22.1     3.7     21.3
MEAN             42.5              35.9     6.6     35.6
DAYS MAX >= 90      0               0.0                0
DAYS MAX <= 32      0               3.4                5
DAYS MIN <= 32     26              26.0               26
DAYS MIN <= 0       0               0.8                1

PRECIPITATION (INCHES)
RECORD
 MAXIMUM         1.01   2015
 MINIMUM         0.01   2006
TOTALS           0.21              0.44   -0.23     1.01
DAYS >= .01         6                MM      MM        7
DAYS >= .10         0                MM      MM        2
DAYS >= .50         0                MM      MM        1
DAYS >= 1.00        0                MM      MM        0
GREATEST
 24 HR. TOTAL    0.09   11/22 TO 11/22

DEGREE_DAYS
HEATING TOTAL     667               873    -206      875
 SINCE 7/1       1127              1583    -456     1291
COOLING TOTAL       0                 0       0        0
 SINCE 1/1        821               678     143      721
..............................................................

WIND (MPH)
AVERAGE WIND SPEED              8.8
HIGHEST WIND SPEED/DIRECTION    40/320    DATE  11/29
HIGHEST GUST SPEED/DIRECTION    52/310    DATE  11/29

SKY COVER
POSSIBLE SUNSHINE (PERCENT)   MM
AVERAGE SKY COVER           0.20
NUMBER OF DAYS FAIR           22
NUMBER OF DAYS PC              7
NUMBER OF DAYS CLOUDY          1

AVERAGE RH (PERCENT)     53

WEATHER CONDITIONS. NUMBER OF DAYS WITH
THUNDERSTORM              0     MIXED PRECIP               0
HEAVY RAIN                0     RAIN                       2
LIGHT RAIN                4     FREEZING RAIN              0
LT FREEZING RAIN          0     HAIL                       0
HEAVY SNOW                0     SNOW                       0
LIGHT SNOW                4     SLEET                      0
FOG                       6     FOG W/VIS <= 1/4 MILE      0
HAZE                      1

-  INDICATES NEGATIVE NUMBERS.
R  INDICATES RECORD WAS SET OR TIED.
MM INDICATES DATA IS MISSING.
T  INDICATES TRACE AMOUNT.

$$
