000
CXUS54 KMRX 041635 RRB
CLMTRI

CLIMATE REPORT
NATIONAL WEATHER SERVICE MORRISTOWN TN
1234 PM EDT SAT JUL 4 2015

...................................

...THE TRI-CITIES CLIMATE SUMMARY FOR THE MONTH OF JUNE 2015...

CLIMATE NORMAL PERIOD 1981 TO 2010
CLIMATE RECORD PERIOD 1934 TO 2015

WEATHER         OBSERVED          NORMAL  DEPART
                 VALUE   DATE(S)  VALUE   FROM
                                          NORMAL
................................................
TEMPERATURE (F)
HIGHEST            94   06/17
                        06/16
LOWEST             53   06/29
AVG. MAXIMUM     87.3              83.0     4.3
AVG. MINIMUM     63.1              60.0     3.1
MEAN             75.2              71.5     3.7
DAYS MAX >= 90     13
DAYS MAX <= 32      0
DAYS MIN <= 32      0
DAYS MIN <= 0       0

PRECIPITATION (INCHES)
RECORD
 MAXIMUM         8.37   2013
 MINIMUM         0.75   1986
TOTALS           2.45              3.90   -1.45
DAYS >= .01        11
DAYS >= .10         8
DAYS >= .50         1
DAYS >= 1.00        0
GREATEST
 24 HR. TOTAL    0.53   06/01 TO 06/02

SNOWFALL (INCHES)
TOTALS            0.0               0.0     0.0
SINCE 7/1        15.5
SNOWDEPTH AVG.      0
DAYS >= TRACE       0
GREATEST
 SNOW DEPTH         0   MM

DEGREE_DAYS
HEATING TOTAL       0                11     -11
 SINCE 7/1       4376              4374       2
COOLING TOTAL     314               206     108
 SINCE 1/1        480               279     201
.................................................



-  INDICATES NEGATIVE NUMBERS.
R  INDICATES RECORD WAS SET OR TIED.
MM INDICATES DATA IS MISSING.
T  INDICATES TRACE AMOUNT.

$$
