000
CXUS54 KTSA 011620
CLMTUL

CLIMATE REPORT
NATIONAL WEATHER SERVICE TULSA OK
1009 AM CDT WED APR 1 2015

...................................

...THE TULSA OKLAHOMA CLIMATE SUMMARY FOR THE MONTH OF MARCH 2015...

CLIMATE NORMAL PERIOD 1981 TO 2010
CLIMATE RECORD PERIOD 1882 TO 2015

WEATHER         OBSERVED          NORMAL  DEPART  LAST YEAR`S
                 VALUE   DATE(S)  VALUE   FROM    VALUE  DATE(S)
                                          NORMAL
................................................................
TEMPERATURE (F)
RECORD
 HIGH              99   03/18/1907
 LOW               -3   03/12/1948
HIGHEST            85   03/31        62      23       82  03/11
LOWEST             17   03/05        40     -23        4  03/03
AVG. MAXIMUM     63.8              62.4     1.4     59.8
AVG. MINIMUM     41.9              40.1     1.8     33.6
MEAN             52.8              51.3     1.5     46.7
DAYS MAX >= 90      0               0.1    -0.1        0
DAYS MAX <= 32      0               0.4    -0.4        2
DAYS MIN <= 32      5               6.3    -1.3       12
DAYS MIN <= 0       0               0.0     0.0        0

PRECIPITATION (INCHES)
RECORD
 MAXIMUM        11.94   1973
 MINIMUM         0.08   1971
TOTALS           3.71              3.29    0.42     2.36
DAILY AVG.       0.12              0.11    0.01     0.08
DAYS >= .01         7               8.7    -1.7        9
DAYS >= .10         5               5.4    -0.4        5
DAYS >= .50         2               2.1    -0.1        2
DAYS >= 1.00        2               0.9     1.1        0
GREATEST
 24 HR. TOTAL    1.62   03/25 TO 03/25

SNOWFALL (INCHES)
RECORDS
 TOTAL           19.7   1924
TOTALS            0.3               2.1    -1.8      2.4
SINCE 7/1         8.5               9.6    -1.1     12.4
SNOWDEPTH AVG.      0                MM      MM        0
DAYS >= 1.0         0               0.4    -0.4        1
GREATEST
 SNOW DEPTH         2   03/01                          2  03/04
                                                          03/03
 24 HR TOTAL      0.3   MM

DEGREE_DAYS
HEATING TOTAL     381               438     -57      562
 SINCE 7/1       3396              3349      47     3863
COOLING TOTAL      13                11       2        1
 SINCE 1/1         13                12       1        1
.................................................................

WIND (MPH)
AVERAGE WIND SPEED              8.0
HIGHEST WIND SPEED/DIRECTION    33/050    DATE  03/25
HIGHEST GUST SPEED/DIRECTION    44/260    DATE  03/25

SKY COVER
POSSIBLE SUNSHINE (PERCENT)   MM
AVERAGE SKY COVER           0.70
NUMBER OF DAYS FAIR            6
NUMBER OF DAYS PC             10
NUMBER OF DAYS CLOUDY         15

AVERAGE RH (PERCENT)     68

WEATHER CONDITIONS. NUMBER OF DAYS WITH
THUNDERSTORM              1     MIXED PRECIP               0
HEAVY RAIN                2     RAIN                       3
LIGHT RAIN               12     FREEZING RAIN              0
LT FREEZING RAIN          1     HAIL                       1
HEAVY SNOW                0     SNOW                       1
LIGHT SNOW                1     SLEET                      1
FOG                      14     FOG W/VIS <= 1/4 MILE      2
HAZE                      2

-  INDICATES NEGATIVE NUMBERS.
R  INDICATES RECORD WAS SET OR TIED.
MM INDICATES DATA IS MISSING.
T  INDICATES TRACE AMOUNT.

&&
-------------------------------------------------------------------
 YEARLY PRECIPITATION (INCHES):
 TOTAL..................... 6.03
 DEPARTURE FROM NORMAL.....-0.77
$$
