000
CXUS55 KTWC 011508
CLMTUS

CLIMATE REPORT
NATIONAL WEATHER SERVICE TUCSON AZ
807 AM MST THU JUN 1 2017

...................................

...THE TUCSON AZ CLIMATE SUMMARY FOR THE MONTH OF MAY 2017...

CLIMATE NORMAL PERIOD 1981 TO 2010
CLIMATE RECORD PERIOD 1895 TO 2017

WEATHER         OBSERVED          NORMAL  DEPART  LAST YEAR`S
                 VALUE   DATE(S)  VALUE   FROM    VALUE  DATE(S)
                                          NORMAL
................................................................
TEMPERATURE (F)
RECORD
 HIGH             111   05/29/1910
 LOW               32   05/03/1899
HIGHEST           104   05/05       101       3       99  05/14
                                                          05/12
                                                          05/04
LOWEST             49   05/10        47       2       53  05/07
                                                          05/02
AVG. MAXIMUM     91.5              91.6    -0.1     89.6
AVG. MINIMUM     61.7              60.5     1.2     60.6
MEAN             76.6              76.0     0.6     75.1
DAYS MAX >= 90     20              19.3     0.7       18
DAYS MAX <= 32      0               0.0     0.0        0
DAYS MIN <= 32      0               0.0     0.0        0
DAYS MIN <= 0       0               0.0     0.0        0

PRECIPITATION (INCHES)
RECORD
 MAXIMUM         1.34   1931
 MINIMUM         0.00   2016
                        2011
                        2002
TOTALS           0.02              0.23   -0.21     0.00
DAILY AVG.       0.00              0.01   -0.01     0.00
DAYS >= .01         2               1.8     0.2        0
DAYS >= .10         0               1.0    -1.0        0
DAYS >= .50         0               0.0     0.0        0
DAYS >= 1.00        0               0.0     0.0        0
GREATEST
 24 HR. TOTAL    0.01   05/09 TO 05/09           05/31 TO 05/31
                        05/08 TO 05/08                    05/31 TO 05/31
                                                          05/31 TO 05/31

DEGREE_DAYS
COOLING TOTAL     374               348      26      318
 SINCE 1/1        733               502     231      567
..................................................

WIND (MPH)
AVERAGE WIND SPEED              8.1
HIGHEST WIND SPEED/DIRECTION    32/200    DATE  05/05
HIGHEST GUST SPEED/DIRECTION    46/280    DATE  05/13

AVERAGE RH (PERCENT)     21

WEATHER CONDITIONS. NUMBER OF DAYS WITH
THUNDERSTORM              0     MIXED PRECIP               0
HEAVY RAIN                0     RAIN                       0
LIGHT RAIN                2     FREEZING RAIN              0
LT FREEZING RAIN          0     HAIL                       0
HEAVY SNOW                0     SNOW                       0
LIGHT SNOW                0     SLEET                      0
FOG                       0     FOG W/VIS <= 1/4 MILE      0
HAZE                      0

-  INDICATES NEGATIVE NUMBERS.
R  INDICATES RECORD WAS SET OR TIED.
MM INDICATES DATA IS MISSING.
T  INDICATES TRACE AMOUNT.

$$
