000
CXUS55 KTWC 090522
CLMTUS

CLIMATE REPORT
NATIONAL WEATHER SERVICE TUCSON AZ
1022 PM MST FRI MAY 8 2015

...................................

...THE TUCSON AZ CLIMATE SUMMARY FOR THE MONTH OF APRIL 2015...

CLIMATE NORMAL PERIOD 1981 TO 2010
CLIMATE RECORD PERIOD 1895 TO 2015

WEATHER         OBSERVED          NORMAL  DEPART  LAST YEAR`S
                 VALUE   DATE(S)  VALUE   FROM    VALUE  DATE(S)
                                          NORMAL
................................................................
TEMPERATURE (F)
RECORD
 HIGH             104   04/21/1989
                        04/20/1989
 LOW               27   04/04/1945
HIGHEST            95   04/30        94       1       95  04/10
LOWEST             44   04/17        39       5       43  04/04
AVG. MAXIMUM     83.9              82.1     1.8     84.2
AVG. MINIMUM     54.2              52.0     2.2     54.3
MEAN             69.0              67.0     2.0     69.2
DAYS MAX >= 90      1               5.4    -4.4        9
DAYS MAX <= 32      0               0.0     0.0        0
DAYS MIN <= 32      0               0.0     0.0        0
DAYS MIN <= 0       0               0.0     0.0        0

PRECIPITATION (INCHES)
RECORD
 MAXIMUM         3.53   1905
 MINIMUM         0.00   2002
                        1993
                        1991
TOTALS           0.16              0.31   -0.15     0.02
DAILY AVG.       0.01              0.01    0.00     0.00
DAYS >= .01         1               2.0    -1.0        1
DAYS >= .10         1               0.9     0.1        0
DAYS >= .50         0               0.1    -0.1        0
DAYS >= 1.00        0               0.0     0.0        0
GREATEST
 24 HR. TOTAL    0.16   04/26 TO 04/26           04/26 TO 04/26
                                                          04/25 TO 04/26
                                                          04/26 TO 04/26

DEGREE_DAYS
HEATING TOTAL      13                60     -47       24
 SINCE 7/1        902              1506    -604      899
COOLING TOTAL     142               121      21      158
 SINCE 1/1        243               154      89      212
.......................................................

WIND (MPH)
AVERAGE WIND SPEED              8.0
HIGHEST WIND SPEED/DIRECTION    31/270    DATE  04/26
HIGHEST GUST SPEED/DIRECTION    40/270    DATE  04/26

AVERAGE RH (PERCENT)     25

WEATHER CONDITIONS. NUMBER OF DAYS WITH
THUNDERSTORM              0     MIXED PRECIP               0
HEAVY RAIN                0     RAIN                       0
LIGHT RAIN                2     FREEZING RAIN              0
LT FREEZING RAIN          0     HAIL                       0
HEAVY SNOW                0     SNOW                       0
LIGHT SNOW                0     SLEET                      0
FOG                       1     FOG W/VIS <= 1/4 MILE      0
HAZE                      3

-  INDICATES NEGATIVE NUMBERS.
R  INDICATES RECORD WAS SET OR TIED.
MM INDICATES DATA IS MISSING.
T  INDICATES TRACE AMOUNT.

$$
