000
CXUS54 KMRX 030251
CLMTYS


CLIMATE REPORT
NATIONAL WEATHER SERVICE MORRISTOWN TN
951 PM EST THU MAR 2 2017

...................................

...THE KNOXVILLE    ASOS CLIMATE SUMMARY FOR THE MONTH OF FEBRUARY 2017...

CLIMATE NORMAL PERIOD 1981 TO 2010
CLIMATE RECORD PERIOD 1871 TO 2017

WEATHER         OBSERVED          NORMAL  DEPART
                 VALUE   DATE(S)  VALUE   FROM
                                          NORMAL
................................................
TEMPERATURE (F)
HIGHEST            79   02/24
LOWEST             22   02/04
AVG. MAXIMUM     60.1              52.3     7.8
AVG. MINIMUM     38.6              32.4     6.2
MEAN             49.4              42.4     7.0
DAYS MAX >= 90      0
DAYS MAX <= 32      0
DAYS MIN <= 32      8
DAYS MIN <= 0       0

PRECIPITATION (INCHES)
RECORD
 MAXIMUM        12.52   1873
 MINIMUM         0.56   1898
TOTALS           2.57              4.26   -1.69
DAYS >= .01         9
DAYS >= .10         6
DAYS >= .50         3
DAYS >= 1.00        0
GREATEST
 24 HR. TOTAL    0.60   02/15 TO 02/15

SNOWFALL (INCHES)
TOTALS              T               1.6    -1.6
SINCE 7/1         2.3
SNOWDEPTH AVG.      0
DAYS >= TRACE       4
GREATEST
 SNOW DEPTH         0   MM

DEGREE_DAYS
HEATING TOTAL     430               634    -204
 SINCE 7/1       2059              2896    -837
COOLING TOTAL       0                 0       0
 SINCE 1/1          0                 0       0
.................................................



-  INDICATES NEGATIVE NUMBERS.
R  INDICATES RECORD WAS SET OR TIED.
MM INDICATES DATA IS MISSING.
T  INDICATES TRACE AMOUNT.

$$
