000
CXUS56 KPQR 011625
CLMUAO


CLIMATE REPORT
NATIONAL WEATHER SERVICE PORTLAND OREGON
925 AM PDT WED NOV 1 2017

...................................

...THE AURORA STATE OR CLIMATE SUMMARY FOR THE MONTH OF OCTOBER 2017...

CLIMATE NORMAL PERIOD 1981 TO 2010
CLIMATE RECORD PERIOD 9999 TO 9999

WEATHER         OBSERVED          NORMAL  DEPART  LAST YEAR`S
                 VALUE   DATE(S)  VALUE   FROM    VALUE  DATE(S)
                                          NORMAL
................................................................
TEMPERATURE (F)
HIGHEST            75                                 69  10/08
LOWEST             33                                 39  10/12
                                                          10/11
AVG. MAXIMUM     65.0              63.0     2.0     61.2
AVG. MINIMUM     44.0              44.4    -0.4     48.0
MEAN             54.5              53.7     0.8     54.6
DAYS MAX >= 90      0               0.0     0.0        0
DAYS MAX <= 32      0               0.0     0.0        0
DAYS MIN <= 32      0               0.3    -0.3        0
DAYS MIN <= 0       0               0.0     0.0        0

PRECIPITATION (INCHES)
RECORD
 MAXIMUM           MM   MM
 MINIMUM           MM   MM
TOTALS           4.85              3.23    1.62     9.66
DAYS >= .01        11                MM      MM       27
DAYS >= .10         7                MM      MM       20
DAYS >= .50         4                MM      MM        6
DAYS >= 1.00        1                MM      MM        2
GREATEST
 24 HR. TOTAL    1.46   10/21 TO 10/21

DEGREE_DAYS
HEATING TOTAL     318               352     -34      315
 SINCE 7/1        398               498    -100      452
COOLING TOTAL       0                 2      -2        0
 SINCE 1/1        732               336     396      392
.................................................................

WIND (MPH)
AVERAGE WIND SPEED              5.7
RESULTANT WIND SPEED/DIRECTION   0/046
HIGHEST WIND SPEED/DIRECTION    25/190    DATE  10/21
HIGHEST GUST SPEED/DIRECTION    39/200    DATE  10/21

SKY COVER
POSSIBLE SUNSHINE (PERCENT)   MM
AVERAGE SKY COVER           0.50

AVERAGE RH (PERCENT)     72

WEATHER CONDITIONS. NUMBER OF DAYS WITH
THUNDERSTORM              0     MIXED PRECIP               0
HEAVY RAIN                5     RAIN                       6
LIGHT RAIN               12     FREEZING RAIN              0
LT FREEZING RAIN          0     HAIL                       0
HEAVY SNOW                0     SNOW                       0
LIGHT SNOW                0     SLEET                      0
FOG                      23     FOG W/VIS <= 1/4 MILE     11
HAZE                      4

-  INDICATES NEGATIVE NUMBERS.
R  INDICATES RECORD WAS SET OR TIED.
MM INDICATES DATA IS MISSING.
T  INDICATES TRACE AMOUNT.

$$
