000
CXUS53 KLOT 021551
CLMUGN


CLIMATE REPORT
NATIONAL WEATHER SERVICE CHICAGO IL
1048 AM CDT FRI SEP 2 2016

...................................

...THE WAUKEGAN   CLIMATE SUMMARY FOR THE MONTH OF AUGUST 2016...

CLIMATE NORMAL PERIOD 1981 TO 2010
CLIMATE RECORD PERIOD 2000 TO 2016

WEATHER         OBSERVED          NORMAL  DEPART  LAST YEAR`S
                 VALUE   DATE(S)  VALUE   FROM    VALUE
                                          NORMAL
.............................................................
TEMPERATURE (F)
RECORD
 HIGH              97   08/02/2006
 LOW               45   08/15/2004
HIGHEST            95   08/11        MM      MM       91
LOWEST             52   08/22        MM      MM       48
AVG. MAXIMUM     82.3              79.0     3.3     77.1
AVG. MINIMUM     64.6              60.8     3.8     59.5
MEAN             73.4              69.9     3.5     68.3

PRECIPITATION (INCHES)
RECORD
 MAXIMUM        10.22   2007
 MINIMUM         1.03   2008
TOTALS           3.05              3.83   -0.78     3.92

DEGREE_DAYS
HEATING TOTAL       1                16     -15       24
 SINCE 7/1         11                28     -17       69
COOLING TOTAL     272               167     105      133
 SINCE 1/1        715               502     213      366
..............................................................

WIND (MPH)
AVERAGE WIND SPEED              5.4
HIGHEST WIND SPEED/DIRECTION    28/200    DATE  08/11
HIGHEST GUST SPEED/DIRECTION    35/200    DATE  08/11

AVERAGE RH (PERCENT)     76


-  INDICATES NEGATIVE NUMBERS.
R  INDICATES RECORD WAS SET OR TIED.
MM INDICATES DATA IS MISSING.
T  INDICATES TRACE AMOUNT.

$$
