000
CXUS56 KSEW 071849 CCA
CLMUIL

CLIMATE REPORT...CORRECTED
NATIONAL WEATHER SERVICE SEATTLE WA
1149 AM PDT FRI APR 7 2017

...................................

...THE QUILLAYUTE WA AIRPORT CLIMATE SUMMARY FOR THE MONTH OF MARCH 2017...

CLIMATE NORMAL PERIOD 1981 TO 2010
CLIMATE RECORD PERIOD 1966 TO 2017

WEATHER         OBSERVED          NORMAL  DEPART  LAST YEAR`S
                 VALUE   DATE(S)  VALUE   FROM    VALUE  DATE(S)
                                          NORMAL
................................................................
TEMPERATURE (F)
RECORD
 HIGH              73   03/30/2013
 LOW               19   03/03/1989
                        03/01/1971
HIGHEST            53   03/21        MM      MM       66  03/31
                        03/15                             03/30
                                                          03/29
LOWEST             29   03/06        MM      MM       30  03/17
AVG. MAXIMUM     48.6              51.4    -2.8     55.1
AVG. MINIMUM     38.5              36.8     1.7     40.3
MEAN             43.5              44.1    -0.6     47.7
DAYS MAX >= 90      0               0.0     0.0        0
DAYS MAX <= 32      0               0.0     0.0        0
DAYS MIN <= 32      5               6.4    -1.4        2
DAYS MIN <= 0       0               0.0     0.0        0

PRECIPITATION (INCHES)
RECORD
 MAXIMUM        23.23   2007
 MINIMUM         1.84   1992
TOTALS          22.97             10.83   12.14    15.84
DAILY AVG.       0.74              0.35    0.39     0.51
DAYS >= .01        30              21.9     8.1       25
DAYS >= .10        27              17.0    10.0       23
DAYS >= .50        16               8.0     8.0        9
DAYS >= 1.00        7               3.0     4.0        5
GREATEST
 24 HR. TOTAL    4.46   03/28 TO 03/28

DEGREE_DAYS
HEATING TOTAL     659               648      11      528
 SINCE 7/1       4481              4493     -12     3651
COOLING TOTAL       0                 0       0        0
 SINCE 1/1          0                 0       0        0
.................................................................

WIND (MPH)
AVERAGE WIND SPEED              6.8
HIGHEST WIND SPEED/DIRECTION    22/250    DATE  03/22
HIGHEST GUST SPEED/DIRECTION    38/170    DATE  03/28

SKY COVER
POSSIBLE SUNSHINE (PERCENT)   MM
AVERAGE SKY COVER           0.90
NUMBER OF DAYS FAIR            1
NUMBER OF DAYS PC              6
NUMBER OF DAYS CLOUDY         24

AVERAGE RH (PERCENT)     88

WEATHER CONDITIONS. NUMBER OF DAYS WITH
THUNDERSTORM              0     MIXED PRECIP               0
HEAVY RAIN                9     RAIN                      25
LIGHT RAIN               31     FREEZING RAIN              0
LT FREEZING RAIN          0     HAIL                       0
HEAVY SNOW                0     SNOW                       0
LIGHT SNOW                5     SLEET                      0
FOG                      30     FOG W/VIS <= 1/4 MILE      2
HAZE                      0

-  INDICATES NEGATIVE NUMBERS.
R  INDICATES RECORD WAS SET OR TIED.
MM INDICATES DATA IS MISSING.
T  INDICATES TRACE AMOUNT.

$$
