000
CXUS53 KLSX 030200 CCA
CLMUIN

CLIMATE REPORT
NATIONAL WEATHER SERVICE ST LOUIS MO
1251 PM CST MON DEC 1 2014

...................................

...THE QUINCY IL CLIMATE SUMMARY FOR THE MONTH OF NOVEMBER 2014...

CLIMATE NORMAL PERIOD 1981 TO 2010
CLIMATE RECORD PERIOD 1901 TO 2014

WEATHER         OBSERVED          NORMAL  DEPART  LAST YEAR`S
                 VALUE   DATE(S)  VALUE   FROM    VALUE
                                          NORMAL
.............................................................
TEMPERATURE (F)
RECORD
 HIGH              84   11/08/1915
                        11/07/1915
 LOW              -11   11/30/1964
HIGHEST            70   11/10                         73
                        11/03
LOWEST             10   11/18                         10
AVG. MAXIMUM     45.2              51.3    -6.1     48.9
AVG. MINIMUM     26.7              33.7    -7.0     30.0
MEAN             35.9              42.5    -6.6     39.5
DAYS MAX >= 90      0               0.0     0.0        0
DAYS MAX <= 32      7               1.6     5.4        3
DAYS MIN <= 32     22              13.3     8.7       17
DAYS MIN <= 0       0               0.0     0.0        0

PRECIPITATION (INCHES)
RECORD
 MAXIMUM        11.17   1985
 MINIMUM            T   1914
TOTALS           0.85              3.02   -2.17     1.85
DAILY AVG.       0.03              0.10   -0.07     0.06
DAYS >= .01         5               9.2    -4.2        6
DAYS >= .10         1               5.4    -4.4        5
DAYS >= .50         1               2.1    -1.1        1
DAYS >= 1.00        0               0.7    -0.7        0
GREATEST
 24 HR. TOTAL    0.71   11/23
                        11/23

DEGREE_DAYS
HEATING TOTAL     864               676     188      760
 SINCE 7/1       1277              1100     177     1133
COOLING TOTAL       0                 1      -1        0
 SINCE 1/1       1021              1094     -73     1242
..............................................................

WIND (MPH)
HIGHEST WIND SPEED/DIRECTION    35/330    DATE  11/06
HIGHEST GUST SPEED/DIRECTION    41/330    DATE  11/06

SKY COVER
AVERAGE SKY COVER           0.40
NUMBER OF DAYS FAIR           13
NUMBER OF DAYS PC             12
NUMBER OF DAYS CLOUDY          5


WEATHER CONDITIONS. NUMBER OF DAYS WITH
THUNDERSTORM              0     MIXED PRECIP               0
HEAVY RAIN                0     RAIN                       1
LIGHT RAIN               10     FREEZING RAIN              0
LT FREEZING RAIN          2     HEAVY SNOW                 0
SNOW                      1     LIGHT SNOW                 6
SLEET                     0     FOG                       14
FOG W/VIS <= 1/4 MILE     2     HAZE                       9

-  INDICATES NEGATIVE NUMBERS.
R  INDICATES RECORD WAS SET OR TIED.
MM INDICATES DATA IS MISSING.
T  INDICATES TRACE AMOUNT.

$$


...MONTHLY...

TIED 7TH COLDEST NOVEMBER ON RECORD (35.9 DEGREES).

20TH DRIEST NOVEMBER ON RECORD (0.85 INCHES).


...DAILY...

RECORD LOW TEMPERATURE OF 23 DEGREES WAS SET AT QUINCY ILLINOIS
NOVEMBER 1ST. THIS TIES THE OLD RECORD OF 23 DEGREES SET IN 1993.

RECORD LOW MAXIMUM TEMPERATURE WAS TIED AT QUINCY ON NOVEMBER
12TH. THE MAXIMUM WAS 28 DEGREES...TIEING THE PREVIOUS RECORD
IN 1966.
