154
CXUS53 KUNR 011608
CLMUNR


CLIMATE REPORT
NATIONAL WEATHER SERVICE RAPID CITY SD
907 AM MST WED FEB 1 2017

...................................

...THE EAST RAPID CITY SD CLIMATE SUMMARY FOR THE MONTH OF JANUARY 2017...

CLIMATE NORMAL PERIOD 1981 TO 2010
CLIMATE RECORD PERIOD 1888 TO 2017

WEATHER         OBSERVED          NORMAL  DEPART  LAST YEAR`S
                 VALUE   DATE(S)  VALUE   FROM    VALUE  DATE(S)
                                          NORMAL
................................................................
TEMPERATURE (F)
RECORD
 HIGH              73   01/27/2015
                        01/08/2002
 LOW              -33   01/17/1930
                        01/12/1916
HIGHEST            54   01/30                         59  01/28
                        01/29
LOWEST             -6   01/05                         -2  01/17
                        01/04
AVG. MAXIMUM     30.1              37.4    -7.3     37.4
AVG. MINIMUM     15.4              16.4    -1.0     19.6
MEAN             22.7              26.9    -4.2     28.5
DAYS MAX >= 90      0                                  0
DAYS MAX <= 32     18                                  8
DAYS MIN <= 32     26                                 28
DAYS MIN <= 0       6                                  3

PRECIPITATION (INCHES)
RECORD
 MAXIMUM         1.64   1944
 MINIMUM         0.01   1914
TOTALS           0.35              0.29    0.06     0.17
DAILY AVG.       0.01              0.01    0.00     0.01
DAYS >= .01         7                                  3
DAYS >= .10         1                                  1
DAYS >= .50         0                                  0
DAYS >= 1.00        0                                  0
GREATEST
 24 HR. TOTAL    0.15   01/24 TO 01/24              0.10

SNOWFALL (INCHES)
RECORDS
 TOTAL           22.1   1949
TOTALS            8.1               5.5     2.6      2.5
SINCE 7/1        23.9              19.3     4.6     24.0
SNOWDEPTH AVG.      2                 2       0        0
DAYS >= 1.0         3               2.1     0.9        2
GREATEST
 SNOW DEPTH         4   01/14                          1  01/25
                        01/13                             01/20
                        01/12                             01/19
 24 HR TOTAL      2.9   MM                           1.3

DEGREE_DAYS
HEATING TOTAL    1301              1181     120     1124
 SINCE 7/1       3725              3928    -203     3484
COOLING TOTAL       0                 0       0        0
 SINCE 1/1          0                 0       0        0
.................................................................

WIND (MPH)
AVERAGE WIND SPEED              9.0
HIGHEST WIND SPEED/DIRECTION    41/320    DATE  01/28
HIGHEST GUST SPEED/DIRECTION    59/320    DATE  01/28

AVERAGE RH (PERCENT)     68

WEATHER CONDITIONS. NUMBER OF DAYS WITH
THUNDERSTORM              0     MIXED PRECIP               1
HEAVY RAIN                0     RAIN                       0
LIGHT RAIN                1     FREEZING RAIN              0
LT FREEZING RAIN          0     HAIL                       0
HEAVY SNOW                0     SNOW                       2
LIGHT SNOW               13     SLEET                      0
FOG                       5     FOG W/VIS <= 1/4 MILE      1
HAZE                      0

-  INDICATES NEGATIVE NUMBERS.
R  INDICATES RECORD WAS SET OR TIED.
MM INDICATES DATA IS MISSING.
T  INDICATES TRACE AMOUNT.

$$
