000
CXUS55 KGJT 020200 CCA
CLMVEL

CLIMATE REPORT...CORRECTED FOR SNOWFALL NORMALS
NATIONAL WEATHER SERVICE GRAND JUNCTION CO
700 PM MST SUN FEB 1 2015

...................................

...THE VERNAL UT CLIMATE SUMMARY FOR THE MONTH OF JANUARY 2015...

CLIMATE NORMAL PERIOD 1981 TO 2010
CLIMATE RECORD PERIOD 9999 TO 9999

WEATHER         OBSERVED          NORMAL  DEPART  LAST YEAR`S
                 VALUE   DATE(S)  VALUE   FROM    VALUE  DATE(S)
                                          NORMAL
................................................................
TEMPERATURE (F)
HIGHEST            51   01/28        MM      MM       38  01/27
                                                          01/14
LOWEST             -4   01/01        MM      MM       -3  01/05
AVG. MAXIMUM     36.0              28.4     7.6     29.4
AVG. MINIMUM     18.4               9.7     8.7      8.5
MEAN             27.2              19.0     8.2     18.9
DAYS MAX >= 90      0               0.0     0.0        0
DAYS MAX <= 32      8              18.7   -10.7       21
DAYS MIN <= 32     30              30.8    -0.8       31
DAYS MIN <= 0       1               5.8    -4.8        2

PRECIPITATION (INCHES)
TOTALS           0.25              0.50   -0.25     0.23
DAILY AVG.       0.01              0.02   -0.01     0.01
DAYS >= .01         4               5.1    -1.1        3
DAYS >= .10         2               1.7     0.3        1
DAYS >= .50         0               0.1    -0.1        0
DAYS >= 1.00        0               0.0     0.0        0
GREATEST
 24 HR. TOTAL    0.14   01/30 TO 01/31              0.15

SNOWFALL (INCHES)
TOTALS             MM                MM      MM       MM
SINCE 7/1          MM                MM      MM       MM
SNOWDEPTH AVG.     MM                MM      MM       MM
DAYS >= 1.0        MM                MM      MM       MM
GREATEST
 SNOW DEPTH        MM                                 MM  MM
 24 HR TOTAL       MM                                 MM

DEGREE_DAYS
HEATING TOTAL    1161              1424    -263     1422
 SINCE 7/1       3766              4395    -629     4844
COOLING TOTAL       0                 0       0        0
 SINCE 1/1          0                 0       0        0
.................................................................

WIND (MPH)
AVERAGE WIND SPEED              2.5
HIGHEST WIND SPEED/DIRECTION    25/060    DATE  01/21
HIGHEST GUST SPEED/DIRECTION    30/060    DATE  01/21

SKY COVER
POSSIBLE SUNSHINE (PERCENT)   MM
AVERAGE SKY COVER           0.50
NUMBER OF DAYS FAIR           13
NUMBER OF DAYS PC             10
NUMBER OF DAYS CLOUDY          8

AVERAGE RH (PERCENT)     74

WEATHER CONDITIONS. NUMBER OF DAYS WITH
THUNDERSTORM              0     MIXED PRECIP               0
HEAVY RAIN                0     RAIN                       0
LIGHT RAIN                3     FREEZING RAIN              0
LT FREEZING RAIN          0     HAIL                       0
HEAVY SNOW                0     SNOW                       0
LIGHT SNOW                7     SLEET                      0
FOG                      20     FOG W/VIS <= 1/4 MILE      9
HAZE                     13

-  INDICATES NEGATIVE NUMBERS.
R  INDICATES RECORD WAS SET OR TIED.
MM INDICATES DATA IS MISSING.
T  INDICATES TRACE AMOUNT.

$$
