000
CXUS52 KMLB 011628 AAA
CLMVRB

CLIMATE REPORT
NATIONAL WEATHER SERVICE MELBOURNE FL
1230 PM EDT MON JUN 1 2015

...................................

...THE VERO BEACH CLIMATE SUMMARY FOR THE MONTH OF MAY 2015...

CLIMATE NORMAL PERIOD 1981 TO 2010
CLIMATE RECORD PERIOD 1942 TO 2015

WEATHER         OBSERVED          NORMAL  DEPART  LAST YEAR`S
                 VALUE   DATE(S)  VALUE   FROM    VALUE  DATE(S)
                                          NORMAL
................................................................
TEMPERATURE (F)
MONTHLY RECORD
 WARMEST         79.6   1995
 COOLEST         73.9   1999
DAILY RECORD
 HIGH              99   05/29/2000
 LOW               46   05/05/1999
                        05/05/1871
MAY 2015
HIGHEST            95   05/21                         93
LOWEST             59   05/03                         57
                        05/01
AVG. MAXIMUM     86.9              84.8     2.1     85.5
AVG. MINIMUM     69.6              67.6     2.0     67.8
MEAN             78.3              76.2     2.1     76.7
DAYS MAX >= 90      5               3.0     2.0        3
DAYS MAX <= 32      0               0.0     0.0        0
DAYS MIN <= 32      0               0.0     0.0        0
DAYS MIN <= 0       0               0.0     0.0        0

PRECIPITATION (INCHES)
MONTHLY RECORD
 MAXIMUM        12.06   1979
 MINIMUM         0.09   2004
DAILY RECORD
 MAXIMUM         5.50   05/09/1979
MAY 2015
TOTALS           0.99              3.36   -2.37     2.66
DAYS >= .01        10               8.2     1.8        6
DAYS >= .10         3               5.2    -2.2        3
DAYS >= .50         0               2.1    -2.1        3
DAYS >= 1.00        0               1.0    -1.0        1
GREATEST
 24 HR. TOTAL    0.54   05/30 TO 05/31

SNOWFALL (INCHES)
TOTALS            0.0               0.0     0.0      0.0
SINCE 7/1         0.0               0.0     0.0      0.0
DAYS >= TRACE       0                                  0

DEGREE_DAYS
HEATING TOTAL       0                 1      -1        0
 SINCE 7/1        384               456     -72      268
COOLING TOTAL     419               348      71      368
 SINCE 1/1       1152               806     346      926
.................................................................

WIND (MPH)
AVERAGE WIND SPEED              9.0
HIGHEST WIND SPEED/DIRECTION    23/180    DATE  05/10
HIGHEST GUST SPEED/DIRECTION    27/100    DATE  05/27

SKY COVER
POSSIBLE SUNSHINE (PERCENT)   MM
AVERAGE SKY COVER           0.30
NUMBER OF DAYS FAIR           19
NUMBER OF DAYS PC             12
NUMBER OF DAYS CLOUDY          0

AVERAGE RH (PERCENT)     67

WEATHER CONDITIONS. NUMBER OF DAYS WITH
THUNDERSTORM              5     MIXED PRECIP               0
HEAVY RAIN                3     RAIN                       4
LIGHT RAIN               12     LT FREEZING RAIN           0
HAIL                      0     LIGHT SNOW                 0
SLEET                     0     FOG                       10
FOG W/VIS <= 1/4 MILE     1     HAZE                       1

-  INDICATES NEGATIVE NUMBERS.
R  INDICATES RECORD WAS SET OR TIED.
MM INDICATES DATA IS MISSING.
T  INDICATES TRACE AMOUNT.

==============================================================

...THE VERO BEACH CLIMATE SUMMARY FOR THE SPRING SEASON, FROM
3/1/2015 TO 5/31/2015...

CLIMATE NORMAL PERIOD 1981 TO 2010
CLIMATE RECORD PERIOD 1942 TO 2015

WEATHER         OBSERVED          NORMAL  DEPART  LAST YEAR`S
                 VALUE   DATE(S)  VALUE   FROM    VALUE  DATE(S)
                                          NORMAL
................................................................
TEMPERATURE (F)
SPRING RECORDS
 WARMEST         75.8   2015
 COOLEST         69.3   1971
DAILY RECORDS
 HIGH              99   05/29/2000
 LOW               26   03/03/1980
SPRING 2015
HIGHEST            95   05/21                         93
                        04/26
LOWEST             46   03/30                         44
AVG. MAXIMUM     84.8              80.8     4.0     82.0
AVG. MINIMUM     66.8              62.1     4.7     62.4
MEAN             75.8              71.5     4.3     72.2
DAYS MAX >= 90      9               4.0     5.0        4
DAYS MAX <= 32      0               0.0     0.0        0
DAYS MIN <= 32      0               0.0     0.0        0
DAYS MIN <= 0       0               0.0     0.0        0

PRECIPITATION (INCHES)
SPRING RECORDS
 MAXIMUM        23.72   1982
 MINIMUM         2.39   1967
SPRING 2015
TOTALS           8.09             10.20   -2.11     6.63
DAYS >= .01        26              22.2     3.8       18
DAYS >= .10        12              14.3    -2.3       11
DAYS >= .50         4               6.3    -2.3        5
DAYS >= 1.00        3               2.8     0.2        2
GREATEST
 24 HR. TOTAL    2.35   04/28 TO 04/29              1.53

SNOWFALL (INCHES)
TOTALS            0.0               0.0     0.0      0.0
SINCE 7/1         0.0                                0.0
DAYS >= TRACE       0                                  0

DEGREE_DAYS
HEATING TOTAL      12                70     -58       33
COOLING TOTAL    1027               667     360      718
.................................................................

WIND (MPH)
AVERAGE WIND SPEED              8.3
HIGHEST WIND SPEED/DIRECTION    33/250    DATE  04/18
HIGHEST GUST SPEED/DIRECTION    43/250    DATE  04/18

SKY COVER
POSSIBLE SUNSHINE (PERCENT)   MM
AVERAGE SKY COVER           0.30
NUMBER OF DAYS FAIR           57
NUMBER OF DAYS PC             33
NUMBER OF DAYS CLOUDY          2

AVERAGE RH (PERCENT)     70

WEATHER CONDITIONS. NUMBER OF DAYS WITH
THUNDERSTORM             19     MIXED PRECIP               0
HEAVY RAIN               11     RAIN                      13
LIGHT RAIN               34     HAIL                       0
SLEET                     0     FOG                       42
FOG W/VIS <= 1/4 MILE    15     HAZE                      28

-  INDICATES NEGATIVE NUMBERS.
R  INDICATES RECORD WAS SET OR TIED.
MM INDICATES DATA IS MISSING.
T  INDICATES TRACE AMOUNT.

$$

ULRICH
