000
CXUS56 KPQR 011606
CLMVUO


CLIMATE REPORT
NATIONAL WEATHER SERVICE PORTLAND OREGON
906 AM PDT TUE SEP 1 2015

...................................

...THE VANCOUVER WA CLIMATE SUMMARY FOR THE MONTH OF AUGUST 2015...

CLIMATE NORMAL PERIOD 1981 TO 2010
CLIMATE RECORD PERIOD 1891 TO 2015

WEATHER         OBSERVED          NORMAL  DEPART  LAST YEAR`S
                 VALUE   DATE(S)  VALUE   FROM    VALUE  DATE(S)
                                          NORMAL
................................................................
TEMPERATURE (F)
RECORD
 HIGH             103   08/04/2012
                        08/10/1981
                        08/02/1939
 LOW               35   08/18/1973
HIGHEST            98                MM      MM       98  08/11
LOWEST             50                MM      MM       50  08/21
AVG. MAXIMUM     83.8              81.5     2.3     84.2
AVG. MINIMUM     58.6              56.9     1.7     59.5
MEAN             71.2              69.2     2.0     71.9
DAYS MAX >= 90      5               4.3     0.7        8
DAYS MAX <= 32      0               0.0     0.0        0
DAYS MIN <= 32      0               0.0     0.0        0
DAYS MIN <= 0       0               0.0     0.0        0

PRECIPITATION (INCHES)
TOTALS           0.55                               0.04
DAYS >= .01         3                                  3
DAYS >= .10         2                                  0
DAYS >= .50         0                                  0
DAYS >= 1.00        0                                  0
GREATEST
 24 HR. TOTAL    0.49   08/29 TO 08/30

DEGREE_DAYS
HEATING TOTAL       0                                  0
 SINCE 7/1          4                                  3
COOLING TOTAL     199                                220
 SINCE 1/1        627                                452
.................................................................

WIND (MPH)
AVERAGE WIND SPEED              5.1
RESULTANT WIND SPEED/DIRECTION   2/313
HIGHEST WIND SPEED/DIRECTION    23/170    DATE  08/29
HIGHEST GUST SPEED/DIRECTION    36/150    DATE  08/29

SKY COVER
POSSIBLE SUNSHINE (PERCENT)   MM
AVERAGE SKY COVER           0.30

AVERAGE RH (PERCENT)     54

WEATHER CONDITIONS. NUMBER OF DAYS WITH
THUNDERSTORM              0     MIXED PRECIP               0
HEAVY RAIN                1     RAIN                       1
LIGHT RAIN                4     FREEZING RAIN              0
LT FREEZING RAIN          0     HAIL                       0
HEAVY SNOW                0     SNOW                       0
LIGHT SNOW                0     SLEET                      0
FOG                       1     FOG W/VIS <= 1/4 MILE      0
HAZE                      2

-  INDICATES NEGATIVE NUMBERS.
R  INDICATES RECORD WAS SET OR TIED.
MM INDICATES DATA IS MISSING.
T  INDICATES TRACE AMOUNT.

$$
