000
CXUS56 KMTR 031511
CLMWVI


CLIMATE REPORT
NATIONAL WEATHER SERVICE SAN FRANCISCO BAY AREA
746 AM PDT FRI JUL 3 2015

...................................

...THE WATSONVILLE AIRPORT CLIMATE SUMMARY FOR THE MONTH OF JUNE 2015...

CLIMATE NORMAL PERIOD 1981 TO 2010
CLIMATE RECORD PERIOD 1998 TO 2015

WEATHER         OBSERVED          NORMAL   LAST YEAR`S
                 VALUE   DATE(S)  VALUE    VALUE  DATE(S)

.........................................................
TEMPERATURE (F)
HIGHEST            85   06/08        MM        82  06/18
LOWEST             46R  06/19        MM        47  06/18
                                                   06/14
AVG. MAXIMUM     71.4                        72.0
AVG. MINIMUM     52.9                        52.2
MEAN             62.2              61.9      62.1
DAYS MAX >= 90      0                           0
DAYS MAX <= 32      0                           0
DAYS MIN <= 32      0                           0
DAYS MIN <= 0       0                           0

PRECIPITATION (INCHES)
RECORD
 MAXIMUM           MM   MM
 MINIMUM           MM   MM
TOTALS           0.01                        0.01
DAILY AVG.       0.00                        0.00
DAYS >= .01         1                           1
DAYS >= .10         0                           0
DAYS >= .50         0                           0
DAYS >= 1.00        0                           0
GREATEST
 24 HR. TOTAL    0.02   06/09 TO 06/10    06/05 TO 06/06
                                                   06/30 TO 06/30
                                                   06/30 TO 06/30

DEGREE_DAYS
HEATING TOTAL      91                          93
 SINCE 7/1       1649                        2413
COOLING TOTAL      11                          13
 SINCE 1/1         25                          57
..........................................................

WIND (MPH)
AVERAGE WIND SPEED              4.9
RESULTANT WIND SPEED/DIRECTION   3/185
HIGHEST WIND SPEED/DIRECTION    20/240    DATE  06/01
HIGHEST GUST SPEED/DIRECTION    41/030    DATE  06/07

SKY COVER
POSSIBLE SUNSHINE (PERCENT)   MM
AVERAGE SKY COVER           0.50
NUMBER OF DAYS FAIR            8
NUMBER OF DAYS PC             16
NUMBER OF DAYS CLOUDY          6

AVERAGE RH (PERCENT)     77

WEATHER CONDITIONS. NUMBER OF DAYS WITH
THUNDERSTORM              0     MIXED PRECIP               0
HEAVY RAIN                0     RAIN                       0
LIGHT RAIN                2     FREEZING RAIN              0
LT FREEZING RAIN          0     HAIL                       0
HEAVY SNOW                0     SNOW                       0
LIGHT SNOW                0     SLEET                      0
FOG                      23     FOG W/VIS <= 1/4 MILE      7
HAZE                      7

-  INDICATES NEGATIVE NUMBERS.
R  INDICATES RECORD WAS SET OR TIED.
MM INDICATES DATA IS MISSING.
T  INDICATES TRACE AMOUNT.

$$
