000
CXUS56 KPDT 011445
CLMYKM

CLIMATE REPORT
NATIONAL WEATHER SERVICE PENDLETON OREGON
741 AM PDT TUE SEP 01 2015

....................................

...THE YAKIMA WA CLIMATE SUMMARY FOR THE MONTH OF AUGUST 2015...

CLIMATE NORMAL PERIOD 1981 TO 2010
CLIMATE RECORD PERIOD 1909 TO 2015

WEATHER         OBSERVED          NORMAL  DEPART  LAST YEAR`S
                 VALUE   DATE(S)  VALUE   FROM    VALUE  DATE(S)
                                          NORMAL

................................................................

TEMPERATURE (F)
RECORD
 HIGH             110   8/10/1971
 LOW               35   8/22/1960
HIGHEST           105   8/ 1       99         6           102   8/11
LOWEST             47   8/22       41         6            49   8/31
AVG. MAXIMUM     90.8            86.8       4.0          90.5
AVG. MINUMUM     56.4            51.8       4.6          57.8
MEAN             73.6            69.3       4.3          74.2
DAYS MAX >= 90     17              12         5            18
DAYS MAX <= 32      0               0         0             0
DAYS MIN <= 32      0               0         0             0
DAYS MIN <= 0       0               0         0             0


PRECIPITATION (INCHES)
RECORD
 MAXIMUM          2.10   1975
 MINIMUM          0.00   1955
TOTALS            0.01            0.26     -0.25          0.90
DAILY AVG.        0.00            0.01     -0.01          0.03
DAYS >=  0.01        1               2        -1             5
DAYS >=  0.10        0               1        -1             3
DAYS >=  0.50        0               0         0             0
DAYS >=  1.00        0               0         0             0
GREATEST
 24 HR. TOTAL     0.01   8/30



SNOWFALL (INCHES)
RECORD
 MAXIMUM           0.0   1953
 MINIMUM           0.0   2014
TOTALS             0.0             0.0       0.0           0.0
SINCE 7/1          0.0             0.0       0.0           0.0
DAYS >=  TRACE                       0         0
DAYS >=  1.0         0               0         0             0
GREATEST
 24 HR. TOTAL      0.0   8/31


DEGREE DAYS
HEATING TOTAL        1              28       -27             1
 SINCE 7/1           1              47       -46             6
COOLING TOTAL      276             159       117           294
 SINCE 1/1        1057             432       625           827

.............................................................

WIND (MPH)
AVERAGE WIND SPEED                     7.0
RESULTANT WIND SPEED/DIRECTION         4/266
HIGHEST WIND SPEED/DIRECTION          33/280      DATE          08/14
HIGHEST GUST SPEED/DIRECTION          46/330      DATE          08/04


WEATHER CONDITIONS. NUMBER OF DAYS WITH
THUNDERSTORM               0    MIXED PRECIP                           0
HEAVY RAIN                 0    RAIN                                   0
LIGHT RAIN                 5    FREEZING RAIN                          0
LT FREEZING RAIN           0    HAIL                                   0
HEAVY SNOW                 0    SNOW                                   0
LIGHT SNOW                 0    SLEET                                  0
FOG                        0    FOG W/VIS <=1/4 MILE                   0
HAZE                      14

-  INDICATES NEGATIVE NUMBERS.
R  INDICATES RECORD WAS SET OR TIED.
MM INDICATES DATA IS MISSING.
T  INDICATES TRACE AMOUNT.

$$
