000
CXUS51 KCTP 050344
CLSAOO

CLIMATE REPORT
NATIONAL WEATHER SERVICE STATE COLLEGE PA
1138 PM EDT WED JUN 4 2014

...................................

...THE ALTOONA CLIMATE SUMMARY FOR THE SEASON, FROM
9/1/2013 TO 11/30/2013...

CLIMATE NORMAL PERIOD 1981 TO 2010
CLIMATE RECORD PERIOD 1948 TO 2014

WEATHER         OBSERVED          NORMAL  DEPART  LAST YEAR`S
                 VALUE   DATE(S)  VALUE   FROM    VALUE  DATE(S)
                                          NORMAL
................................................................
TEMPERATURE (F)
RECORD
 HIGH              97   09/03/1953
 LOW                7   11/26/1950
                        11/25/1950
HIGHEST            89   09/11        MM      MM       MM  MM
                        09/10
LOWEST             12   11/25        MM      MM       MM  MM
AVG. MAXIMUM     61.1              61.0     0.1       MM
AVG. MINIMUM     41.9              41.8     0.1       MM
MEAN             51.5              51.5     0.0       MM
DAYS MAX >= 90      0                MM      MM       MM
DAYS MAX <= 32      5                MM      MM       MM
DAYS MIN <= 32     23                MM      MM       MM
DAYS MIN <= 0       0                MM      MM       MM

PRECIPITATION (INCHES)
RECORD
 MAXIMUM        19.14   2004
 MINIMUM         4.10   1961
TOTALS           8.28              9.29   -1.01       MM
DAILY AVG.       0.09              0.10   -0.01       MM
DAYS >= .01        28                MM      MM       MM
DAYS >= .10        15                MM      MM       MM
DAYS >= .50         4                MM      MM       MM
DAYS >= 1.00        2                MM      MM       MM
GREATEST
 24 HR. TOTAL    2.16   MM                            MM
 STORM TOTAL       MM                                 MM
 (MM/DD(HH))            MM                                MM

DEGREE_DAYS
HEATING TOTAL    1289              1287       2       MM
 SINCE 7/1         MM              1310      MM       MM
COOLING TOTAL      87                52      35       MM
 SINCE 1/1        697               522     175       MM

FREEZE DATES
RECORD
 EARLIEST     09/21/1956
 LATEST       06/01/1966
EARLIEST                        MM
LATEST                          MM
.................................................................

WIND (MPH)
AVERAGE WIND SPEED              6.4
RESULTANT WIND SPEED/DIRECTION   3/260
HIGHEST WIND SPEED/DIRECTION    44/270    DATE  11/17
HIGHEST GUST SPEED/DIRECTION    55/270    DATE  11/17

SKY COVER
POSSIBLE SUNSHINE (PERCENT)   MM
AVERAGE SKY COVER           0.40
NUMBER OF DAYS FAIR           33
NUMBER OF DAYS PC             42
NUMBER OF DAYS CLOUDY         16

AVERAGE RH (PERCENT)     71

WEATHER CONDITIONS. NUMBER OF DAYS WITH
THUNDERSTORM              6     MIXED PRECIP               0
HEAVY RAIN                9     RAIN                      11
LIGHT RAIN               34     FREEZING RAIN              1
LT FREEZING RAIN          2     HAIL                       0
HEAVY SNOW                1     SNOW                       2
LIGHT SNOW                9     SLEET                      0
FOG                      53     FOG W/VIS <= 1/4 MILE      8
HAZE                     16

-  INDICATES NEGATIVE NUMBERS.
R  INDICATES RECORD WAS SET OR TIED.
MM INDICATES DATA IS MISSING.
T  INDICATES TRACE AMOUNT.

$$
