000
CXUS51 KCTP 050345
CLSBFD

CLIMATE REPORT
NATIONAL WEATHER SERVICE STATE COLLEGE PA
1138 PM EDT WED JUN 4 2014

...................................

...THE BRADFORD CLIMATE SUMMARY FOR THE SEASON, FROM
9/1/2013 TO 11/30/2013...

CLIMATE NORMAL PERIOD 1981 TO 2010
CLIMATE RECORD PERIOD 1957 TO 2014

WEATHER         OBSERVED          NORMAL  DEPART  LAST YEAR`S
                 VALUE   DATE(S)  VALUE   FROM    VALUE  DATE(S)
                                          NORMAL
................................................................
TEMPERATURE (F)
RECORD
 HIGH              90   09/03/2011
 LOW               -2   11/30/1976
HIGHEST            88   09/10        MM      MM       MM  MM
LOWEST              6   11/30        MM      MM       MM  MM
                        11/29
AVG. MAXIMUM     57.0              56.7     0.3       MM
AVG. MINIMUM     37.0              36.7     0.3       MM
MEAN             47.0              46.7     0.3       MM
DAYS MAX >= 90      0                MM      MM       MM
DAYS MAX <= 32      9                MM      MM       MM
DAYS MIN <= 32     35                MM      MM       MM
DAYS MIN <= 0       0                MM      MM       MM

PRECIPITATION (INCHES)
RECORD
 MAXIMUM        17.08   1970
 MINIMUM         4.03   1964
TOTALS          10.62             11.11   -0.49       MM
DAILY AVG.       0.11              0.12   -0.01       MM
DAYS >= .01        43                MM      MM       MM
DAYS >= .10        20                MM      MM       MM
DAYS >= .50         9                MM      MM       MM
DAYS >= 1.00        2                MM      MM       MM
GREATEST
 24 HR. TOTAL    1.16   MM                            MM
 STORM TOTAL       MM                                 MM
 (MM/DD(HH))            MM                                MM

DEGREE_DAYS
HEATING TOTAL    1652              1682     -30       MM
 SINCE 7/1         MM              1835      MM       MM
COOLING TOTAL      39                16      23       MM
 SINCE 1/1        334               193     141       MM

FREEZE DATES
RECORD
 EARLIEST     08/05/1972
 LATEST       06/30/1961
EARLIEST                        MM
LATEST                          MM
.................................................................

WIND (MPH)
AVERAGE WIND SPEED              6.3
RESULTANT WIND SPEED/DIRECTION   2/240
HIGHEST WIND SPEED/DIRECTION    30/330    DATE  11/23
HIGHEST GUST SPEED/DIRECTION    38/320    DATE  11/23

SKY COVER
POSSIBLE SUNSHINE (PERCENT)   MM
AVERAGE SKY COVER           0.50
NUMBER OF DAYS FAIR           24
NUMBER OF DAYS PC             34
NUMBER OF DAYS CLOUDY         33

AVERAGE RH (PERCENT)     69

WEATHER CONDITIONS. NUMBER OF DAYS WITH
THUNDERSTORM              4     MIXED PRECIP               0
HEAVY RAIN               13     RAIN                      19
LIGHT RAIN               42     FREEZING RAIN              2
LT FREEZING RAIN          2     HAIL                       0
HEAVY SNOW                1     SNOW                       6
LIGHT SNOW               20     SLEET                      0
FOG                      65     FOG W/VIS <= 1/4 MILE     16
HAZE                     28

-  INDICATES NEGATIVE NUMBERS.
R  INDICATES RECORD WAS SET OR TIED.
MM INDICATES DATA IS MISSING.
T  INDICATES TRACE AMOUNT.

$$
