000
CXUS51 KBGM 031536
CLSBGM


CLIMATE REPORT
NATIONAL WEATHER SERVICE BINGHAMTON NY
1120 AM EDT THU SEP 3 2015

...................................

...THE BINGHAMTON NY CLIMATE SUMMARY FOR THE SEASON, FROM
6/1/2015 TO 8/31/2015...

CLIMATE NORMAL PERIOD 1981 TO 2010
CLIMATE RECORD PERIOD 1951 TO 2015

WEATHER         OBSERVED          NORMAL  DEPART  LAST YEAR`S
                 VALUE   DATE(S)  VALUE   FROM    VALUE  DATE(S)
                                          NORMAL
................................................................
TEMPERATURE (F)
RECORD
 HIGH              98   07/16/1988
 LOW               33   06/09/1980
HIGHEST            86   07/19        76      10       86  07/01
LOWEST             41   06/07        57     -16       47  08/19
                                                          06/21
                                                          06/01
AVG. MAXIMUM     75.3              76.0    -0.7     75.6
AVG. MINIMUM     57.2              57.7    -0.5     57.5
MEAN             66.3              66.8    -0.5     66.5
DAYS MAX >= 90      0               1.1    -1.1        0
DAYS MAX <= 32      0               0.0     0.0        0
DAYS MIN <= 32      0               0.0     0.0        0
DAYS MIN <= 0       0               0.0     0.0        0

PRECIPITATION (INCHES)
RECORD
 MAXIMUM        23.50   2006
 MINIMUM         4.87   1979
TOTALS          17.97             11.46    6.51    13.67
DAILY AVG.       0.20              0.12    0.08     0.15
DAYS >= .01        42              35.0     7.0       33
DAYS >= .10        30              22.2     7.8       20
DAYS >= .50        13               7.7     5.3        8
DAYS >= 1.00        6               2.5     3.5        4
GREATEST
 24 HR. TOTAL    2.81   06/14 TO 06/15           08/31 TO 08/31

SNOWFALL (INCHES)
RECORDS
 TOTAL              T   2014
                        2008
                        2004
 24 HR TOTAL        T   08/10/2008 TO 08/10/2008
 SNOW DEPTH         T   08/10/2008
TOTALS              TR              0.0     0.0        T
SINCE 7/1           T               0.0     0.0        T
SNOWDEPTH AVG.      0               0.0     0.0        0
DAYS >= TRACE       1               0.0     1.0        1
DAYS >= 1.0         0               0.0     0.0        0
GREATEST
 SNOW DEPTH         TR  07/26                          0  MM
 24 HR TOTAL        TR  07/26 TO 07/26           08/31 TO 08/31

DEGREE_DAYS
HEATING TOTAL     126               153     -27      111
 SINCE 7/1         49                63     -14       66
COOLING TOTAL     269               326     -57      277
 SINCE 1/1        342               348      -6      302

FREEZE DATES
RECORD
 EARLIEST     09/20/1993
 LATEST       05/25/1956
EARLIEST                        10/08
LATEST                          05/02
..................................................

WIND (MPH)
AVERAGE WIND SPEED              6.6
RESULTANT WIND SPEED/DIRECTION   2/250
HIGHEST WIND SPEED/DIRECTION    30/290    DATE  06/12
HIGHEST GUST SPEED/DIRECTION    47/290    DATE  06/12

SKY COVER
POSSIBLE SUNSHINE (PERCENT)   MM
AVERAGE SKY COVER           0.40
NUMBER OF DAYS FAIR           45
NUMBER OF DAYS PC             33
NUMBER OF DAYS CLOUDY         14

AVERAGE RH (PERCENT)     76

WEATHER CONDITIONS. NUMBER OF DAYS WITH
THUNDERSTORM              0     MIXED PRECIP               0
HEAVY RAIN               24     RAIN                      25
LIGHT RAIN               45     FREEZING RAIN              0
LT FREEZING RAIN          0     HAIL                       0
HEAVY SNOW                0     SNOW                       0
LIGHT SNOW                0     SLEET                      0
FOG                      58     FOG W/VIS <= 1/4 MILE     14
HAZE                      7

-  INDICATES NEGATIVE NUMBERS.
R  INDICATES RECORD WAS SET OR TIED.
MM INDICATES DATA IS MISSING.
T  INDICATES TRACE AMOUNT.

&&
TRACE OF SNOW ON JULY 26TH WAS HAIL
ALL FROZEN PRECIPITATION COUNTS AS SNOW

&&
SECOND WETTEST JUNE TO AUGUST

$$
