000
CXUS53 KBIS 011701 CCA
CLSBIS

CLIMATE REPORT
NATIONAL WEATHER SERVICE BISMARCK ND
1037 AM CST TUE DEC 1 2015

...................................

...THE BISMARCK ND CLIMATE SUMMARY FOR THE SEASON, FROM
9/1/2015 TO 11/30/2015...

CLIMATE NORMAL PERIOD 1981 TO 2010
CLIMATE RECORD PERIOD 1875 TO 2015

WEATHER         OBSERVED          NORMAL  DEPART  LAST YEAR`S
                 VALUE   DATE(S)  VALUE   FROM    VALUE  DATE(S)
                                          NORMAL
................................................................
TEMPERATURE (F)
RECORD
 HIGH             105   09/08/1959
                        09/07/1931
 LOW              -30   11/29/1985
HIGHEST           101   09/03        MM      MM       93  09/26
                                                          09/25
LOWEST              1   11/27        MM      MM      -14  11/14
AVG. MAXIMUM     62.8              56.4     6.4     56.0
AVG. MINIMUM     34.9              32.0     2.9     30.3
MEAN             48.8              44.2     4.6     43.2
DAYS MAX >= 90      6               1.8     4.2        3
DAYS MAX <= 32      5               9.5    -4.5       17
DAYS MIN <= 32     39              44.4    -5.4       41
DAYS MIN <= 0       0               2.0    -2.0        6

PRECIPITATION (INCHES)
RECORD
 MAXIMUM         9.09   2013
 MINIMUM         1.12   2014
TOTALS           1.65              3.55   -1.90     1.12
DAILY AVG.       0.02              0.04   -0.02     0.01
DAYS >= .01        18              21.1    -3.1       19
DAYS >= .10         7               8.1    -1.1        5
DAYS >= .50         0               1.9    -1.9        0
DAYS >= 1.00        0               0.5    -0.5        0
GREATEST
 24 HR. TOTAL    0.36                            11/30 TO 11/30
                                                          11/30 TO 11/30
                                                          11/30 TO 11/30
 STORM TOTAL                                           MM
 (MM/DD(HH))                                     11/30(00) TO 11/30(00)
                                                 11/30(00) TO 11/30(00)0
                                                 11/30(00) TO 11/30(00)0

SNOWFALL (INCHES)
RECORDS
 TOTAL           13.5   2010
TOTALS            1.8              11.2

DEGREE_DAYS
HEATING TOTAL    1549
COOLING TOTAL     101
.................................................

WIND (MPH)
HIGHEST WIND SPEED/DIRECTION    46/300    DATE  10/11
HIGHEST GUST SPEED/DIRECTION    63/320    DATE  10/12

SKY COVER
POSSIBLE SUNSHINE (PERCENT)    0
NUMBER OF DAYS FAIR           57
NUMBER OF DAYS PC             22
NUMBER OF DAYS CLOUDY         12

AVERAGE RH (PERCENT)     64

WEATHER CONDITIONS. NUMBER OF DAYS WITH
THUNDERSTORM              0     MIXED PRECIP               0
HEAVY RAIN                0     RAIN                       6
LIGHT RAIN               23     FREEZING RAIN              0
LT FREEZING RAIN          0     HAIL                       0
HEAVY SNOW                0     SNOW                       0
LIGHT SNOW                7     SLEET                      0
FOG                      28     FOG W/VIS <= 1/4 MILE      5
HAZE                      4

-  INDICATES NEGATIVE NUMBERS.
R  INDICATES RECORD WAS SET OR TIED.
MM INDICATES DATA IS MISSING.
T  INDICATES TRACE AMOUNT.
...................................
