000
CXUS53 KDVN 011513
CLSBRL


CLIMATE REPORT
NATIONAL WEATHER SERVICE QUAD CITIES IA IL
952 AM CDT THU JUN 1 2017

...................................

...THE BURLINGTON IA CLIMATE SUMMARY FOR THE SEASON, FROM
3/1/2017 TO 5/31/2017...

CLIMATE NORMAL PERIOD 1981 TO 2010
CLIMATE RECORD PERIOD 1897 TO 2017

WEATHER         OBSERVED          NORMAL  DEPART
                 VALUE   DATE(S)  VALUE   FROM
                                          NORMAL
................................................
TEMPERATURE (F)
RECORD
 HIGH             103   05/31/1934
 LOW              -13   03/05/1960
HIGHEST            88   05/15        79       9
LOWEST             13   03/15        26     -13
AVG. MAXIMUM     63.1              63.5    -0.4
AVG. MINIMUM     43.9              42.5     1.4
MEAN             53.5              53.0     0.5
DAYS MAX >= 90      0
DAYS MAX <= 32      2
DAYS MIN <= 32     13
DAYS MIN <= 0       0

PRECIPITATION (INCHES)
TOTALS          12.29             11.40    0.89
DAILY AVG.       0.14              0.12    0.02
DAYS >= .01        37
DAYS >= .10        24
DAYS >= .50         9
DAYS >= 1.00        2
GREATEST
 24 HR. TOTAL    1.49   04/29 TO 04/30

DEGREE_DAYS
HEATING TOTAL    1113              1209     -96
 SINCE 7/1       4807              5587    -780
COOLING TOTAL      76               104     -28
 SINCE 1/1         76               103     -27
.................................................

WIND (MPH)
AVERAGE WIND SPEED              10.1
HIGHEST WIND SPEED/DIRECTION    39/250    DATE  03/06
HIGHEST GUST SPEED/DIRECTION    55/250    DATE  03/06

SKY COVER
POSSIBLE SUNSHINE (PERCENT)   MM
AVERAGE SKY COVER           0.40
NUMBER OF DAYS FAIR           46
NUMBER OF DAYS PC             22
NUMBER OF DAYS CLOUDY         24

AVERAGE RH (PERCENT)     69

WEATHER CONDITIONS. NUMBER OF DAYS WITH
THUNDERSTORM             15     HAIL                       0
SLEET                     0     FOG                       41
FOG W/VIS <= 1/4 MILE     1     HAZE                      19

-  INDICATES NEGATIVE NUMBERS.
R  INDICATES RECORD WAS SET OR TIED.
MM INDICATES DATA IS MISSING.
T  INDICATES TRACE AMOUNT.

$$

NOTE: SUPPLEMENTAL CLIMATE DATA WAS USED FROM A NEARBY
CLIAMTOLOGICALLY REPRESENTATIVE STATION.
