000
CXUS53 KDVN 011210
CLSCID


CLIMATE REPORT
NATIONAL WEATHER SERVICE QUAD CITIES IA IL
710 AM CDT TUE SEP 1 2015

...................................

...THE CEDAR RAPIDS IA CLIMATE SUMMARY FOR THE SEASON, FROM
6/1/2015 TO 8/31/2015...

CLIMATE NORMAL PERIOD 1981 TO 2010
CLIMATE RECORD PERIOD 1891 TO 2015

WEATHER         OBSERVED          NORMAL  DEPART
                 VALUE   DATE(S)  VALUE   FROM
                                          NORMAL
................................................
TEMPERATURE (F)
RECORD
 HIGH             110   07/05/1911
 LOW               36   06/04/1945
HIGHEST            93   07/13        84       9
LOWEST             44   06/01        55     -11
AVG. MAXIMUM     79.6              81.8    -2.2
AVG. MINIMUM     60.2              60.6    -0.4
MEAN             69.9              71.2    -1.3
DAYS MAX >= 90      3
DAYS MAX <= 32      0
DAYS MIN <= 32      0
DAYS MIN <= 0       0

PRECIPITATION (INCHES)
TOTALS          16.45             13.86    2.59
DAILY AVG.       0.18              0.15    0.03
DAYS >= .01        31
DAYS >= .10        20
DAYS >= .50        10
DAYS >= 1.00        4
GREATEST
 24 HR. TOTAL    4.61   06/11 TO 06/12

DEGREE_DAYS
HEATING TOTAL      37                49     -12
 SINCE 7/1         28                19       9
COOLING TOTAL     510               620    -110
 SINCE 1/1        560               668    -108
.................................................

WIND (MPH)
AVERAGE WIND SPEED              7.2
HIGHEST WIND SPEED/DIRECTION    46/040    DATE  06/29
HIGHEST GUST SPEED/DIRECTION    56/030    DATE  06/29

SKY COVER
POSSIBLE SUNSHINE (PERCENT)   MM
AVERAGE SKY COVER           0.30
NUMBER OF DAYS FAIR           62
NUMBER OF DAYS PC             22
NUMBER OF DAYS CLOUDY          8

AVERAGE RH (PERCENT)     80

WEATHER CONDITIONS. NUMBER OF DAYS WITH
THUNDERSTORM             21     HAIL                       0
SLEET                     0     FOG                       57
FOG W/VIS <= 1/4 MILE    11     HAZE                      12

-  INDICATES NEGATIVE NUMBERS.
R  INDICATES RECORD WAS SET OR TIED.
MM INDICATES DATA IS MISSING.
T  INDICATES TRACE AMOUNT.

$$
