000
CXUS55 KPUB 020122 RRA
CLSCOS

CLIMATE REPORT
NATIONAL WEATHER SERVICE PUEBLO
622 PM MST TUE DEC 1 2015

...................................

...THE COLORADO SPRINGS CO CLIMATE SUMMARY FOR THE SEASON, FROM
9/1/2015 TO 11/30/2015...

CLIMATE NORMAL PERIOD 1981 TO 2010
CLIMATE RECORD PERIOD 1872 TO 2015

WEATHER         OBSERVED          NORMAL  DEPART  LAST YEAR`S
                 VALUE   DATE(S)  VALUE   FROM    VALUE  DATE(S)
                                          NORMAL
................................................................
TEMPERATURE (F)
RECORD
 HIGH              95   09/17/1936
 LOW              -12   11/14/1916
                        11/13/1916
HIGHEST            89   09/14                         92  09/03
                        09/13
LOWEST              5   11/27                         -4  11/13
AVG. MAXIMUM     67.6              62.8     4.8     65.3
AVG. MINIMUM     40.2              36.1     4.1     37.0
MEAN             53.9              49.5     4.4     51.2
DAYS MAX >= 90      0               0.5    -0.5
DAYS MAX <= 32      4               3.0     1.0
DAYS MIN <= 32     28              33.3    -5.3
DAYS MIN <= 0       0               0.2    -0.2

PRECIPITATION (INCHES)
RECORD
 MAXIMUM         7.50   1909
 MINIMUM         0.54   1948
                        1924
                        1919
TOTALS           2.18              2.41   -0.23     3.83
DAILY AVG.       0.02              0.03   -0.01
DAYS >= .01        25              16.9     8.1
DAYS >= .10         7               6.9     0.1
DAYS >= .50         0               1.2    -1.2
DAYS >= 1.00        0               0.2    -0.2
GREATEST
 24 HR. TOTAL    0.57   10/21 TO 10/22

SNOWFALL (INCHES)
RECORDS
 TOTAL           37.7   1959
TOTALS            5.8               7.8    -2.0      7.1
SINCE 7/1         5.8               7.8    -2.0      7.1
SNOWDEPTH AVG.      0
DAYS >= 1.0         2               2.3    -0.3
GREATEST
 SNOW DEPTH         3   11/17                          3
 24 HR TOTAL      3.1   11/16 TO 11/17               2.5

DEGREE_DAYS
HEATING TOTAL    1084              1451    -367     1295
 SINCE 7/1       1103              1481    -378     1325
COOLING TOTAL     102                37      65       60
 SINCE 1/1        617               455     162      487
.................................................................

WIND (MPH)
AVERAGE WIND SPEED              8.7
HIGHEST WIND SPEED/DIRECTION    45/340    DATE  11/17
HIGHEST GUST SPEED/DIRECTION    58/290    DATE  11/18

SKY COVER
POSSIBLE SUNSHINE (PERCENT)   MM
AVERAGE SKY COVER           0.50
NUMBER OF DAYS FAIR           31
NUMBER OF DAYS PC             48
NUMBER OF DAYS CLOUDY         12

AVERAGE RH (PERCENT)     50

WEATHER CONDITIONS. NUMBER OF DAYS WITH
THUNDERSTORM             10     MIXED PRECIP               1
HEAVY RAIN                4     RAIN                       8
LIGHT RAIN               29     FREEZING RAIN              0
LT FREEZING RAIN          1     HAIL                       2
HEAVY SNOW                1     SNOW                       4
LIGHT SNOW                9     SLEET                      0
FOG                      22     FOG W/VIS <= 1/4 MILE      9
HAZE                      8

-  INDICATES NEGATIVE NUMBERS.
R  INDICATES RECORD WAS SET OR TIED.
MM INDICATES DATA IS MISSING.
T  INDICATES TRACE AMOUNT.

$$
