000
CXUS53 KLSX 012356
CLSCOU

CLIMATE REPORT
NATIONAL WEATHER SERVICE ST LOUIS MO
539 PM CST TUE DEC 1 2015

...................................

...THE COLUMBIA CLIMATE SUMMARY FOR THE SEASON, FROM
9/1/2015 TO 11/30/2015...

CLIMATE NORMAL PERIOD 1981 TO 2010
CLIMATE RECORD PERIOD 1890 TO 2015

WEATHER         OBSERVED          NORMAL  DEPART
                 VALUE   DATE(S)  VALUE   FROM
                                          NORMAL
................................................
TEMPERATURE (F)
RECORD
 HIGH             104   09/14/1893
 LOW               -3   11/30/1929
HIGHEST            93   09/06
LOWEST             20   11/22
AVG. MAXIMUM     70.7              66.6     4.1
AVG. MINIMUM     49.4              45.5     3.9
MEAN             60.1              56.0     4.1
DAYS MAX >= 90      6
DAYS MAX <= 32      0
DAYS MIN <= 32      4
DAYS MIN <= 0       0

PRECIPITATION (INCHES)
RECORD
 MAXIMUM        22.48   1941
 MINIMUM         2.21   1956
TOTALS          10.75             10.43    0.32
DAYS >= .01        21
DAYS >= .10        13
DAYS >= .50         5
DAYS >= 1.00        3
GREATEST
 24 HR. TOTAL    4.37   11/16 TO 11/17

SNOWFALL (INCHES)
RECORDS
 TOTAL            8.3   1971
 24 HR TOTAL      8.1   11/25/1975 TO 11/26/1975
TOTALS              T               0.9    -0.9
SINCE 7/1           T               0.9    -0.9
GREATEST
 SNOW DEPTH         0
 24 HR TOTAL        T   11/21

DEGREE_DAYS
HEATING TOTAL     694               983    -289
 SINCE 7/1        696               985    -289
COOLING TOTAL     266               165     101
 SINCE 1/1       1387              1249     138
.................................................

WIND (MPH)
HIGHEST WIND SPEED/DIRECTION    41/240    DATE  11/11
HIGHEST GUST SPEED/DIRECTION    54/230    DATE  11/11


WEATHER CONDITIONS. NUMBER OF DAYS WITH
THUNDERSTORM              1     HAIL                       0
FOG W/VIS <= 1/4 MILE     6

-  INDICATES NEGATIVE NUMBERS.
R  INDICATES RECORD WAS SET OR TIED.
MM INDICATES DATA IS MISSING.
T  INDICATES TRACE AMOUNT.


...SEASONAL...

6TH WARMEST METEOROLOGICAL FALL ON RECORD (60.1 DEGREES).


...MONTHLY...

10TH WARMEST NOVEMBER ON RECORD (49.3 DEGREES).

3RD WETTEST NOVEMBER ON RECORD (8.43 INCHES).

TIED 18TH DRIEST OCTOBER ON RECORD (1.15 INCHES).

16TH WARMEST SEPTEMBER ON RECORD (72.1 DEGREES).

15TH DRIEST SEPTEMBER ON RECORD (1.17 INCHES).

TIED 4TH LEAST NUMBER OF OCCURRENCES OF MEASURABLE PRECIPITATION
IN THE MONTH OF SEPTEMBER (3 DAYS).


...DAILY...

RECORD PRECIPITATION VALUE OF 4.23 INCHES SET ON 11/17...PREVIOUS
1.60 INCHES IN 1952.
-- WETTEST NOVEMBER CALENDAR DAY ON RECORD...PREVIOUS 2.77
           INCHES SET ON 11/18/1985.

$$
