000
CXUS51 KRNK 012232
CLSDAN


CLIMATE REPORT
NATIONAL WEATHER SERVICE BLACKSBURG VA
626 PM EDT THU SEP 1 2016

...................................

...THE DANVILLE VA CLIMATE SUMMARY FOR THE SEASON, FROM
6/1/2016 TO 8/31/2016...

CLIMATE NORMAL PERIOD 1981 TO 2010
CLIMATE RECORD PERIOD 1948 TO 2016

WEATHER         OBSERVED          NORMAL  DEPART  LAST YEAR`S
                 VALUE   DATE(S)  VALUE   FROM    VALUE
                                          NORMAL
.............................................................
TEMPERATURE (F)
RECORD
 HIGH             105   07/10/1990
                        08/23/1983
                        07/14/1954
 LOW               40   06/11/1977
HIGHEST            97   07/26                         95
LOWEST             48   06/09                         57
AVG. MAXIMUM     87.8              86.2     1.6     87.4
AVG. MINIMUM     67.0              67.2    -0.2     67.4
MEAN             77.4              76.7     0.7     77.4
DAYS MAX >= 90     36              25.6    10.4       31
DAYS MAX <= 32      0               0.0     0.0        0
DAYS MIN <= 32      0               0.0     0.0        0
DAYS MIN <= 0       0               0.0     0.0        0

PRECIPITATION (INCHES)
RECORD
 MAXIMUM        22.94   1995
 MINIMUM         6.76   2007
TOTALS          16.71             12.41    4.30    18.42
DAILY AVG.       0.18              0.13    0.05     0.20
DAYS >= .01        38              29.3     8.7       37
DAYS >= .10        25              19.7     5.3       23
DAYS >= .50        14               8.4     5.6       15
DAYS >= 1.00        4               3.1     0.9        6
GREATEST
 24 HR. TOTAL    1.89                               2.19

SNOWFALL (INCHES)
TOTALS            0.0                                0.0
DAYS >= TRACE       0                                  0
DAYS >= 1.0         0                                  0
GREATEST
 24 HR TOTAL      0.0                                0.0

DEGREE_DAYS
HEATING TOTAL       0                 3      -3        5
COOLING TOTAL    1166              1082      84     1167
..............................................................

WIND (MPH)
AVERAGE WIND SPEED              4.1
HIGHEST WIND SPEED/DIRECTION    38/330    DATE  07/27
HIGHEST GUST SPEED/DIRECTION    53/350    DATE  07/08

SKY COVER
AVERAGE SKY COVER           0.20

AVERAGE RH (PERCENT)     76

WEATHER CONDITIONS. NUMBER OF DAYS WITH
THUNDERSTORM             36     MIXED PRECIP               0
HEAVY RAIN               22     RAIN                      25
LIGHT RAIN               45     FREEZING RAIN              0
LT FREEZING RAIN          0     HAIL                       0
HEAVY SNOW                0     SNOW                       0
LIGHT SNOW                0     SLEET                      0
FOG                      49     FOG W/VIS <= 1/4 MILE     10
HAZE                      0

-  INDICATES NEGATIVE NUMBERS.
R  INDICATES RECORD WAS SET OR TIED.
MM INDICATES DATA IS MISSING.
T  INDICATES TRACE AMOUNT.

$$

PW
