000
CXUS53 KDDC 031446
CLSDDC


CLIMATE REPORT
NATIONAL WEATHER SERVICE DODGE CITY KS
838 AM CST THU DEC 3 2015

...................................

...THE DODGE CITY KS CLIMATE SUMMARY FOR THE SEASON, FROM
9/1/2015 TO 11/30/2015...

CLIMATE NORMAL PERIOD 1981 TO 2010
CLIMATE RECORD PERIOD 1875 TO 2015

WEATHER         OBSERVED          NORMAL  DEPART  LAST YEAR`S
                 VALUE   DATE(S)  VALUE   FROM    VALUE  DATE(S)
                                          NORMAL
................................................................
TEMPERATURE (F)
RECORD
 HIGH             107   09/01/2011
 LOW              -13   11/27/1887
HIGHEST           100   09/07        MM      MM      100  09/09
                        09/02
LOWEST             20   11/27        MM      MM        3  11/17
AVG. MAXIMUM     71.6              69.3     2.3     70.5
AVG. MINIMUM     46.6              43.3     3.3     42.4
MEAN             59.1              56.3     2.8     56.4
DAYS MAX >= 90     16               8.4     7.6        8
DAYS MAX <= 32      3               1.3     1.7        4
DAYS MIN <= 32     16              20.6    -4.6       23
DAYS MIN <= 0       0               0.0     0.0        0

PRECIPITATION (INCHES)
RECORD
 MAXIMUM        12.72   1906
 MINIMUM         0.25   1980
TOTALS           6.20              4.17    2.03     3.95
DAILY AVG.       0.07              0.05    0.02     0.05
DAYS >= .01        24              16.3     7.7       17
DAYS >= .10        12               7.7     4.3        7
DAYS >= .50         4               2.5     1.5        3
DAYS >= 1.00        1               1.1    -0.1        1
GREATEST
 24 HR. TOTAL    1.92   10/21 TO 10/22           10/09 TO 10/10
                                                          11/16 TO 11/16
                                                          11/16 TO 11/16

SNOWFALL (INCHES)
RECORDS
 TOTAL           26.7   1992
 24 HR TOTAL     12.1   11/24/1992
 SNOW DEPTH        14   11/25/1992
                        11/26/1992
TOTALS            1.1               2.2    -1.1      2.2
SINCE 7/1         1.1               2.2    -1.1      2.2
DAYS >= TRACE       5               1.4     3.6        3
DAYS >= 1.0         0               0.6    -0.6        1
GREATEST
 SNOW DEPTH         1   11/30                          2  11/17
                        11/28                             11/16
                        11/29
 24 HR TOTAL      0.6   11/27 TO 11/27           11/15 TO 11/16
                                                          11/16 TO 11/16
                                                          11/16 TO 11/16
DEGREE_DAYS
HEATING TOTAL     828              1009    -181      985
 SINCE 7/1        830              1014    -184      998
COOLING TOTAL     314               216      98      230
 SINCE 1/1       1512              1463      49     1475
.......................................................

WIND (MPH)
AVERAGE WIND SPEED              12.7
RESULTANT WIND SPEED/DIRECTION   6/174
HIGHEST WIND SPEED/DIRECTION    43/230    DATE  11/16
HIGHEST GUST SPEED/DIRECTION    62/240    DATE  11/16

SKY COVER
POSSIBLE SUNSHINE (PERCENT)   MM
AVERAGE SKY COVER           0.30
NUMBER OF DAYS FAIR           59
NUMBER OF DAYS PC             23
NUMBER OF DAYS CLOUDY          9

AVERAGE RH (PERCENT)     62

WEATHER CONDITIONS. NUMBER OF DAYS WITH
THUNDERSTORM             14     MIXED PRECIP               0
HEAVY RAIN                8     RAIN                       9
LIGHT RAIN               23     FREEZING RAIN              1
LT FREEZING RAIN          4     HAIL                       0
HEAVY SNOW                0     SNOW                       1
LIGHT SNOW                5     SLEET                      0
FOG                      36     FOG W/VIS <= 1/4 MILE      5
HAZE                     16

-  INDICATES NEGATIVE NUMBERS.
R  INDICATES RECORD WAS SET OR TIED.
MM INDICATES DATA IS MISSING.
T  INDICATES TRACE AMOUNT.

$$
