000
CXUS51 KCLE 070036 CCA
CLSERI

CLIMATE REPORT...CORRECTED
NATIONAL WEATHER SERVICE CLEVELAND OH
736 PM EST FRI MAR 5 2015

...................................

...THE ERIE PA CLIMATE SUMMARY FOR THE SEASON, FROM
12/1/2014 TO 2/28/2015...

CLIMATE NORMAL PERIOD 1981 TO 2010
CLIMATE RECORD PERIOD 1873 TO 2015

WEATHER         OBSERVED          NORMAL  DEPART
                 VALUE   DATE(S)  VALUE   FROM
                                          NORMAL
................................................
TEMPERATURE (F)
RECORD
 HIGH              75   02/26/2000
                        12/03/1982
 LOW              -18   01/19/1994
HIGHEST            59   01/04
LOWEST            -18R  02/16
AVG. MAXIMUM     31.1              35.8    -4.7
AVG. MINIMUM     16.4              22.9    -6.5
MEAN             23.8              29.3    -5.5
DAYS MAX >= 90      0               0.0
DAYS MAX <= 32     49              34.5
DAYS MIN <= 32     77              73.1
DAYS MIN <= 0      12               1.9

PRECIPITATION (INCHES)
RECORD
 MAXIMUM        16.20   1887
 MINIMUM         3.00   1906
TOTALS           8.21              9.08   -0.87
DAYS >= .01        54              53.8
DAYS >= .10        23              25.8
DAYS >= .50         4               4.1
DAYS >= 1.00        0               0.7

SNOWFALL (INCHES)
RECORDS
 TOTAL          126.0   1978
TOTALS           74.4              75.3
DAYS >= TRACE      57
DAYS >= 1.0        20              20.7

DEGREE_DAYS
HEATING TOTAL    3662              3210     452
COOLING TOTAL       0                 0       0
.................................................

WIND (MPH)
HIGHEST GUST SPEED/DIRECTION    45/260    DATE  01/04

SKY COVER
POSSIBLE SUNSHINE (PERCENT)   MM
NUMBER OF DAYS FAIR           14
NUMBER OF DAYS PC             18
NUMBER OF DAYS CLOUDY         58


WEATHER CONDITIONS. NUMBER OF DAYS WITH
THUNDERSTORM              0     MIXED PRECIP               0
HEAVY RAIN                0     RAIN                       5
LIGHT RAIN               17     FREEZING RAIN              0
LT FREEZING RAIN          6     HAIL                       0
HEAVY SNOW                9     SNOW                      18
LIGHT SNOW               55     SLEET                      0
FOG                      58     FOG W/VIS <= 1/4 MILE     12
HAZE                     64

-  INDICATES NEGATIVE NUMBERS.
R  INDICATES RECORD WAS SET OR TIED.
MM INDICATES DATA IS MISSING.
T  INDICATES TRACE AMOUNT.
CORRECTED SNOWFALL TOTAL.
$$
