159
CXUS51 KCLE 061705
CLSERI


CLIMATE REPORT
NATIONAL WEATHER SERVICE CLEVELAND OH
101 PM EDT TUE SEP 6 2016

...................................

...THE ERIE PA CLIMATE SUMMARY FOR THE SEASON, FROM
6/1/2016 TO 8/31/2016...

CLIMATE NORMAL PERIOD 1981 TO 2010
CLIMATE RECORD PERIOD 1873 TO 2016

WEATHER         OBSERVED          NORMAL  DEPART
                 VALUE   DATE(S)  VALUE   FROM
                                          NORMAL
................................................
TEMPERATURE (F)
RECORD
 HIGH             100   06/25/1988
 LOW               32   06/11/1972
HIGHEST            92   06/26
                        06/20
LOWEST             42   06/09
AVG. MAXIMUM     81.4              78.1     3.3
AVG. MINIMUM     63.9              61.5     2.4
MEAN             72.7              69.8     2.9
DAYS MAX >= 90      6               2.3
DAYS MAX <= 32      0               0.0
DAYS MIN <= 32      0               0.0
DAYS MIN <= 0       0               0.0

PRECIPITATION (INCHES)
RECORD
 MAXIMUM        22.12   1977
 MINIMUM         3.53   1923
TOTALS          14.29             10.77    3.52
DAYS >= .01        33              31.6
DAYS >= .10        20              20.1
DAYS >= .50         8               6.5
DAYS >= 1.00        4               2.8

SNOWFALL (INCHES)
RECORDS
 TOTAL             MM   MM
TOTALS            0.0               0.0
DAYS >= TRACE       0
DAYS >= 1.0         0               0.0

DEGREE_DAYS
HEATING TOTAL      40                80     -40
COOLING TOTAL     774               519     255
.................................................

WIND (MPH)
HIGHEST GUST SPEED/DIRECTION    45/260    DATE  06/05

SKY COVER
POSSIBLE SUNSHINE (PERCENT)   MM
NUMBER OF DAYS FAIR           66
NUMBER OF DAYS PC             24
NUMBER OF DAYS CLOUDY          2


WEATHER CONDITIONS. NUMBER OF DAYS WITH
THUNDERSTORM              0     MIXED PRECIP               0
HEAVY RAIN               18     RAIN                      15
LIGHT RAIN               36     FREEZING RAIN              0
LT FREEZING RAIN          0     HAIL                       0
HEAVY SNOW                0     SNOW                       0
LIGHT SNOW                0     SLEET                      0
FOG                      31     FOG W/VIS <= 1/4 MILE      0
HAZE                     17

-  INDICATES NEGATIVE NUMBERS.
R  INDICATES RECORD WAS SET OR TIED.
MM INDICATES DATA IS MISSING.
T  INDICATES TRACE AMOUNT.

$$
