000
CXUS51 KCLE 272006 RRA
CLSERI

CLIMATE REPORT
NATIONAL WEATHER SERVICE CLEVELAND OH
400 PM EDT MON JUN 27 2016

...................................

...THE ERIE PA CLIMATE SUMMARY FOR THE SEASON, FROM
3/1/2016 TO 5/31/2016...

CLIMATE NORMAL PERIOD 1981 TO 2010
CLIMATE RECORD PERIOD 1873 TO 2016

WEATHER         OBSERVED          NORMAL  DEPART
                 VALUE   DATE(S)  VALUE   FROM
                                          NORMAL
................................................
TEMPERATURE (F)
RECORD
 HIGH              91   05/30/1879
 LOW               -9   03/02/1980
HIGHEST            90   05/28
LOWEST             18   03/03
AVG. MAXIMUM     57.6              55.5     2.1
AVG. MINIMUM     39.2              37.9     1.3
MEAN             48.4              46.7     1.7
DAYS MAX >= 90      1               0.1
DAYS MAX <= 32      3               5.7
DAYS MIN <= 32     29              30.4
DAYS MIN <= 0       0               0.0

PRECIPITATION (INCHES)
RECORD
 MAXIMUM        19.76   2011
 MINIMUM         4.46   1962
TOTALS           6.56              9.72   -3.16
DAYS >= .01        40              41.0
DAYS >= .10        17              24.3
DAYS >= .50         3               6.0
DAYS >= 1.00        0               1.1

SNOWFALL (INCHES)
RECORDS
 TOTAL           34.9   2005
TOTALS            4.0              16.9
DAYS >= TRACE      13
DAYS >= 1.0         0               4.8

DEGREE_DAYS
HEATING TOTAL    1572              1721    -149
COOLING TOTAL      75                39      36
.................................................

WIND (MPH)
HIGHEST GUST SPEED/DIRECTION    52/200    DATE  03/31

SKY COVER
POSSIBLE SUNSHINE (PERCENT)   MM
NUMBER OF DAYS FAIR           38
NUMBER OF DAYS PC             30
NUMBER OF DAYS CLOUDY         24


WEATHER CONDITIONS. NUMBER OF DAYS WITH
THUNDERSTORM              0     MIXED PRECIP               0
HEAVY RAIN                2     RAIN                       8
LIGHT RAIN               38     FREEZING RAIN              1
LT FREEZING RAIN          3     HAIL                       0
HEAVY SNOW                0     SNOW                       1
LIGHT SNOW               13     SLEET                      0
FOG                      35     FOG W/VIS <= 1/4 MILE      4
HAZE                     15

-  INDICATES NEGATIVE NUMBERS.
R  INDICATES RECORD WAS SET OR TIED.
MM INDICATES DATA IS MISSING.
T  INDICATES TRACE AMOUNT.

$$
