353
CXUS53 KFGF 011131
CLSFAR

CLIMATE REPORT
NATIONAL WEATHER SERVICE EASTERN NORTH DAKOTA/GRAND FORKS
530 AM CST TUE MAR 1 2016

...................................

...THE FARGO HECTOR INTL AP ND CLIMATE SUMMARY FOR THE SEASON, FROM
12/1/2015 TO 2/29/2016...

CLIMATE NORMAL PERIOD 1981 TO 2010
CLIMATE RECORD PERIOD 1881 TO 2016

WEATHER         OBSERVED          NORMAL  DEPART  LAST YEAR`S
                 VALUE   DATE(S)  VALUE   FROM    VALUE  DATE(S)
                                          NORMAL
................................................................
TEMPERATURE (F)
RECORD
 HIGH              66   02/25/1958
 LOW              -48   01/08/1887
HIGHEST            55   02/27        20      35       47  12/14
LOWEST            -23   01/17         2     -25      -19  02/22
                                                          02/19
AVG. MAXIMUM     27.2              21.4     5.8     23.5
AVG. MINIMUM     12.7               3.8     8.9      6.4
MEAN             20.0              12.6     7.4     15.0
DAYS MAX >= 90      0               0.0     0.0        0
DAYS MAX <= 32     57              66.5    -9.5       62
DAYS MIN <= 32     88              89.0    -1.0       87
DAYS MIN <= 0      18              37.1   -19.1       35

PRECIPITATION (INCHES)
RECORD
 MAXIMUM         4.28   2010
 MINIMUM         0.27   1942
TOTALS           1.63              2.14   -0.51     1.22
DAILY AVG.       0.02              0.02    0.00     0.01
DAYS >= .01        28              24.7     3.3       19
DAYS >= .10         4               6.5    -2.5        3
DAYS >= .50         0               0.5    -0.5        0
DAYS >= 1.00        0               0.0     0.0        0
GREATEST
 24 HR. TOTAL    0.31   MM                       02/28 TO 02/28
                                                          02/28 TO 02/28
                                                          02/28 TO 02/28
 STORM TOTAL       MM                                 MM
 (MM/DD(HH))            MM                    02/28(00) TO 02/28(00)
                                                 02/28(00) TO 02/28(00)8
                                                 02/28(00) TO 02/28(00)8

SNOWFALL (INCHES)
RECORDS
 TOTAL           57.0   1997
 24 HR TOTAL       MM
 SNOW DEPTH        MM   MM
TOTALS           21.4              29.4    -8.0     12.0
 LIQUID EQUIV    1.63              2.90   -1.27     1.20
SINCE 7/1        24.3              38.0   -13.7     15.6
 LIQUID 7/1      1.92              3.80   -1.88     1.56
SNOWDEPTH AVG.      3                 7      -4        1
DAYS >= TRACE      52              25.1    26.9       46
DAYS >= 1.0         7               8.4    -1.4        2
GREATEST
 SNOW DEPTH         9   01/15                          5  02/18
                                                          02/16
                                                          02/17
 24 HR TOTAL      3.5   MM                       02/28 TO 02/28
                                                          02/28 TO 02/28
                                                          02/28 TO 02/28
 STORM TOTAL       MM                                 MM
 (MM/DD(HH))            MM                    02/28(00) TO 02/28(00)
                                                 02/28(00) TO 02/28(00)8
                                                 02/28(00) TO 02/28(00)8

DEGREE_DAYS
HEATING TOTAL    4082              4716    -634     4459
 SINCE 7/1         MM              6723      MM       MM
COOLING TOTAL       0                 0       0        0
 SINCE 1/1          0                 0       0        0

FREEZE DATES
RECORD
 EARLIEST     MM
 LATEST       MM
EARLIEST                        MM
LATEST                          MM
.........................................................

WIND (MPH)
AVERAGE WIND SPEED              11.2
RESULTANT WIND SPEED/DIRECTION   2/303
HIGHEST WIND SPEED/DIRECTION    40/360    DATE  02/29
HIGHEST GUST SPEED/DIRECTION    48/350    DATE  02/29

SKY COVER
POSSIBLE SUNSHINE (PERCENT)   MM
AVERAGE SKY COVER           0.60
NUMBER OF DAYS FAIR           23
NUMBER OF DAYS PC             31
NUMBER OF DAYS CLOUDY         37

AVERAGE RH (PERCENT)     78

WEATHER CONDITIONS. NUMBER OF DAYS WITH
THUNDERSTORM              0     MIXED PRECIP               0
HEAVY RAIN                0     RAIN                       0
LIGHT RAIN                5     FREEZING RAIN              0
LT FREEZING RAIN          0     HAIL                       1
HEAVY SNOW                4     SNOW                       7
LIGHT SNOW               42     SLEET                      1
FOG                      51     FOG W/VIS <= 1/4 MILE      8
HAZE                     37

-  INDICATES NEGATIVE NUMBERS.
R  INDICATES RECORD WAS SET OR TIED.
MM INDICATES DATA IS MISSING.
T  INDICATES TRACE AMOUNT.

&&

WINTER 2015/2016 AT FARGO HECTOR INTERNATIONAL AIRPORT WAS WARMER
AND DRIER THAN NORMAL. THE AVERAGE TEMPERATURE WAS 20.0 DEGREES
MAKING IT 7.4 DEGREES ABOVE NORMAL. THIS WAS THE SIXTH WARMEST
WINTER SEASON EVER RECORDED...WITH WINTER 2011/2012 COMING IN FIRST
PLACE WITH AN AVERAGE TEMPERATURE OF 22.1 DEGREES. THE MEAN HIGH
TEMPERATURE OF 27.2 DEGREES FOR THE SEASON WAS 5.8 DEGREES ABOVE
AVERAGE...MAKING IT THE EIGHTH HIGHEST RECORDED. THE MEAN LOW
TEMPERATURE OF 12.7 DEGREES...WAS 8.9 DEGREES ABOVE NORMAL AND
RANKED FOURTH.

LIQUID PRECIPITATION WAS 1.63 INCHES WHICH WAS 0.51 INCHES BELOW THE
SEASONAL AVERAGE OF 2.14 INCHES. SNOWFALL WAS BELOW NORMAL WITH 21.4
INCHES...WHICH IS 8.0 INCHES BELOW THE AVERAGE OF 29.4 INCHES.

REMEMBER... THIS DATA IS PROVISIONAL AND IS SUBJECT TO CHANGE. THE
FINAL AND OFFICIAL RECORDS WILL BE AVAILABLE FROM THE NATIONAL
CENTERS FOR ENVIRONMENTAL INFORMATION (FORMERLY THE NATIONAL
CLIMATIC DATA CENTER).

$$
GUST
